INSERT INTO `stock_details` (`id`, `stock_type`, `pcode`, `pbarcode`, `pbrand`, `category`, `scategory`, `pdesc`, `psize`, `pcolor`, `hsn_id`, `qty`, `order_qty`, `mrp`, `cp`, `sp`, `s_date`, `batch`, `client_code`, `date_modified`, `unit`) VALUES
(3268, 'B', '4268', 4268, '1', '2', '', '3268', '1', '', '1', 1, 0, NULL, '3900', '19500', '29-07-2025', '', '', NULL, '2'),
(3269, 'B', '4269', 4269, '1', '2', '', '3269', '1', '', '1', 0, 0, NULL, '2800', '14000', '29-07-2025', '', '', NULL, '2'),
(3270, 'B', '4270', 4270, '1', '1', '', '3270', '1', '', '1', 0, 0, NULL, '5750', '28750', '29-07-2025', '', '', NULL, '1'),
(3271, 'B', '4271', 4271, '1', '1', '', '3271', '1', '', '1', 0, 0, NULL, '6850', '34250', '29-07-2025', '', '', NULL, '1'),
(3272, 'B', '4272', 4272, '1', '1', '', '3272', '1', '', '1', 1, 0, NULL, '9500', '47500', '29-07-2025', '', '', NULL, '1'),
(3273, 'B', '4273', 4273, '1', '1', '', '3273', '1', '', '1', 0, 0, NULL, '10750', '53750', '29-07-2025', '', '', NULL, '1'),
(3274, 'B', '4274', 4274, '1', '2', '', '3274', '1', '', '1', 0, 0, NULL, '1500', '8000', '29-07-2025', '', '', NULL, '2'),
(3275, 'B', '4275', 4275, '1', '2', '', '3275', '1', '', '1', 0, 0, NULL, '2600', '13000', '29-07-2025', '', '', NULL, '2'),
(3276, 'B', '4276', 4276, '1', '1', '', '3276', '1', '', '1', 0, 0, NULL, '3200', '16000', '29-07-2025', '', '', NULL, '1'),
(3277, 'B', '4277', 4277, '1', '2', '', '3277', '1', '', '1', 0, 0, NULL, '3800', '19000', '29-07-2025', '', '', NULL, '2'),
(3278, 'B', '4278', 4278, '1', '2', '', '3278', '1', '', '1', 0, 0, NULL, '2500', '12500', '29-07-2025', '', '', NULL, '2'),
(3279, 'B', '4279', 4279, '1', '2', '', '3279', '1', '', '1', 0, 1, NULL, '2500', '12500', '29-07-2025', '', '', NULL, '2'),
(3280, 'B', '4280', 4280, '1', '2', '', '3280', '1', '', '1', 1, 1, NULL, '2750', '13750', '29-07-2025', '', '', NULL, '2'),
(3281, 'B', '4281', 4281, '1', '2', '', '3281', '1', '', '1', 0, 0, NULL, '1500', '7500', '29-07-2025', '', '', NULL, '2'),
(3282, 'B', '4282', 4282, '1', '2', '', '3282', '1', '', '1', 0, 0, NULL, '2200', '13500', '29-07-2025', '', '', NULL, '2'),
(3283, 'B', '4283', 4283, '1', '2', '', '3283', '1', '', '1', 0, 0, NULL, '2000', '10000', '29-07-2025', '', '', NULL, '2'),
(3284, 'B', '4284', 4284, '1', '2', '', '3284', '1', '', '1', 0, 0, NULL, '2400', '12000', '29-07-2025', '', '', NULL, '2'),
(3285, 'B', '4285', 4285, '1', '2', '', '3285', '1', '', '1', 0, 0, NULL, '4500', '22500', '29-07-2025', '', '', NULL, '2'),
(3286, 'B', '4286', 4286, '1', '1', '', '3286', '1', '', '1', 0, 0, NULL, '6600', '33000', '29-07-2025', '', '', NULL, '1'),
(3287, 'B', '4287', 4287, '1', '2', '', '3287', '1', '', '1', 0, 0, NULL, '2750', '13750', '29-07-2025', '', '', NULL, '2'),
(3288, 'B', '4288', 4288, '1', '2', '', '3288', '1', '', '1', 0, 0, NULL, '2500', '12500', '29-07-2025', '', '', NULL, '2'),
(3289, 'B', '4289', 4289, '1', '1', '', '3289', '1', '', '1', 0, 0, NULL, '3700', '18500', '29-07-2025', '', '', NULL, '1'),
(3290, 'B', '4290', 4290, '1', '1', '', '3290', '1', '', '1', 0, 0, NULL, '6200', '31000', '29-07-2025', '', '', NULL, '1'),
(3291, 'B', '4291', 4291, '1', '1', '', '3291', '1', '', '1', 0, 0, NULL, '7600', '38000', '29-07-2025', '', '', NULL, '1'),
(3292, 'B', '4292', 4292, '1', '1', '', '3292', '1', '', '1', 0, 0, NULL, '3100', '15500', '29-07-2025', '', '', NULL, '1'),
(3293, 'B', '4293', 4293, '1', '2', '', '3293', '1', '', '1', 0, 0, NULL, '1900', '9500', '29-07-2025', '', '', NULL, '2'),
(3294, 'B', '4294', 4294, '1', '2', '', '3294', '1', '', '1', 0, 0, NULL, '4100', '20500', '29-07-2025', '', '', NULL, '2'),
(3295, 'B', '4295', 4295, '1', '2', '', '3295', '1', '', '1', 0, 0, NULL, '1900', '9500', '29-07-2025', '', '', NULL, '2'),
(3296, 'B', '4296', 4296, '1', '2', '', '3296', '1', '', '1', 0, 0, NULL, '1600', '8000', '29-07-2025', '', '', NULL, '2'),
(3297, 'B', '4297', 4297, '1', '2', '', '3297', '1', '', '1', 1, 0, NULL, '3000', '15000', '29-07-2025', '', '', NULL, '2'),
(3298, 'B', '4298', 4298, '1', '2', '', '3298', '1', '', '1', 3, 0, NULL, '2000', '10000', '29-07-2025', '', '', NULL, '2'),
(3299, 'B', '4299', 4299, '1', '2', '', '3299', '1', '', '1', 1, 0, NULL, '2000', '10000', '29-07-2025', '', '', NULL, '2'),
(3300, 'B', '4300', 4300, '1', '1', '', '3300', '1', '', '1', 0, 0, NULL, '5250', '25500', '29-07-2025', '', '', NULL, '1'),
(3301, 'B', '4301', 4301, '1', '1', '', '3301', '1', '', '1', 0, 0, NULL, '6660', '28500', '29-07-2025', '', '', NULL, '1'),
(3302, 'B', '4302', 4302, '1', '2', '', '3302', '1', '', '1', 0, 0, NULL, '2750', '13750', '29-07-2025', '', '', NULL, '2'),
(3303, 'B', '4303', 4303, '1', '2', '', '3303', '1', '', '1', 0, 0, NULL, '2750', '13750', '29-07-2025', '', '', NULL, '2'),
(3304, 'B', '4304', 4304, '1', '1', '', '3304', '1', '', '1', 0, 0, NULL, '1300', '6500', '29-07-2025', '', '', NULL, '1'),
(3305, 'B', '4305', 4305, '1', '1', '', '3305', '1', '', '1', 0, 0, NULL, '4500', '22500', '29-07-2025', '', '', NULL, '1'),
(3306, 'B', '4306', 4306, '1', '2', '', '3306', '1', '', '1', 0, 0, NULL, '3800', '19000', '29-07-2025', '', '', NULL, '2'),
(3307, 'B', '4307', 4307, '1', '1', '', '3307', '1', '', '1', 1, 1, NULL, '5200', '26000', '29-07-2025', '', '', NULL, '1'),
(3308, 'B', '4308', 4308, '1', '2', '', '3308', '1', '', '1', 0, 0, NULL, '3600', '18000', '29-07-2025', '', '', NULL, '2'),
(3309, 'B', '4309', 4309, '1', '1', '', '3309', '1', '', '1', 0, 0, NULL, '4900', '24500', '29-07-2025', '', '', NULL, '1'),
(3310, 'B', '4310', 4310, '1', '1', '', '3310', '1', '', '1', 0, 0, NULL, '1500', '8000', '29-07-2025', '', '', NULL, '1'),
(3311, 'B', '4311', 4311, '1', '2', '', '3311', '1', '', '1', 0, 0, NULL, '2890', '14450', '29-07-2025', '', '', NULL, '2'),
(3312, 'B', '4312', 4312, '1', '1', '', '3312', '1', '', '1', 0, 0, NULL, '5150', '25750', '29-07-2025', '', '', NULL, '1'),
(3313, 'B', '4313', 4313, '1', '2', '', '3313', '1', '', '1', 0, 0, NULL, '2000', '10000', '29-07-2025', '', '', NULL, '2'),
(3314, 'B', '4314', 4314, '1', '1', '', '3314', '1', '', '1', 0, 0, NULL, '3370', '13500', '29-07-2025', '', '', NULL, '1'),
(3315, 'B', '4315', 4315, '1', '1', '', '3315', '1', '', '1', 0, 0, NULL, '2750', '13750', '29-07-2025', '', '', NULL, '1'),
(3316, 'B', '4316', 4316, '1', '1', '', '3316', '1', '', '1', 0, 0, NULL, '6000', '26500', '29-07-2025', '', '', NULL, '1'),
(3317, 'B', '4317', 4317, '1', '1', '', '3317', '1', '', '1', 0, 0, NULL, '6200', '29500', '29-07-2025', '', '', NULL, '1'),
(3318, 'B', '4318', 4318, '1', '1', '', '3318', '1', '', '1', 0, 0, NULL, '3370', '13500', '29-07-2025', '', '', NULL, '1'),
(3319, 'B', '4319', 4319, '1', '1', '', '3319', '1', '', '1', 1, 0, NULL, '2800', '11500', '29-07-2025', '', '', NULL, '1'),
(3320, 'B', '4320', 4320, '1', '1', '', '3320', '1', '', '1', 0, 0, NULL, '2700', '11000', '29-07-2025', '', '', NULL, '1'),
(3321, 'B', '4321', 4321, '1', '1', '', '3321', '1', '', '1', 0, 0, NULL, '10360', '42500', '29-07-2025', '', '', NULL, '1'),
(3322, 'B', '4322', 4322, '1', '2', '', '3322', '1', '', '1', 0, 0, NULL, '3540', '17700', '29-07-2025', '', '', NULL, '2'),
(3323, 'B', '4323', 4323, '1', '1', '', '3323', '1', '', '1', 0, 0, NULL, '4650', '23250', '29-07-2025', '', '', NULL, '1'),
(3324, 'B', '4324', 4324, '1', '1', '', '3324', '1', '', '1', 0, 0, NULL, '3400', '19500', '29-07-2025', '', '', NULL, '1'),
(3325, 'B', '4325', 4325, '1', '1', '', '3325', '1', '', '1', 1, 0, NULL, '7000', '35000', '29-07-2025', '', '', NULL, '1'),
(3326, 'B', '4326', 4326, '1', '1', '', '3326', '1', '', '1', 0, 0, NULL, '3650', '18250', '29-07-2025', '', '', NULL, '1'),
(3327, 'B', '4327', 4327, '1', '1', '', '3327', '1', '', '1', 0, 0, NULL, '9300', '39500', '29-07-2025', '', '', NULL, '1'),
(3328, 'B', '4328', 4328, '1', '2', '', '3328', '1', '', '1', 0, 0, NULL, '6000', '30000', '29-07-2025', '', '', NULL, '2'),
(3329, 'B', '4329', 4329, '1', '1', '', '3329', '1', '', '1', 0, 0, NULL, '8200', '41000', '29-07-2025', '', '', NULL, '1'),
(3330, 'B', '4330', 4330, '1', '1', '', '3330', '1', '', '1', 2, 0, NULL, '1950', '8250', '29-07-2025', '', '', NULL, '1'),
(3331, 'B', '4331', 4331, '1', '1', '', '3331', '1', '', '1', 0, 0, NULL, '6300', '25500', '29-07-2025', '', '', NULL, '1'),
(3332, 'B', '4332', 4332, '1', '1', '', '3332', '1', '', '1', 0, 0, NULL, '3340', '13500', '29-07-2025', '', '', NULL, '1'),
(3333, 'B', '4333', 4333, '1', '1', '', '3333', '1', '', '1', 0, 0, NULL, '6000', '28500', '29-07-2025', '', '', NULL, '1'),
(3334, 'B', '4334', 4334, '1', '1', '', '3334', '1', '', '1', 1, 1, NULL, '4100', '18500', '29-07-2025', '', '', NULL, '1'),
(3335, 'B', '4335', 4335, '1', '1', '', '3335', '1', '', '1', 0, 0, NULL, '3700', '18500', '29-07-2025', '', '', NULL, '1'),
(3336, 'B', '4336', 4336, '1', '1', '', '3336', '1', '', '1', 0, 0, NULL, '2100', '11500', '29-07-2025', '', '', NULL, '1'),
(3337, 'B', '4337', 4337, '1', '1', '', '3337', '1', '', '1', 0, 0, NULL, '3500', '17500', '29-07-2025', '', '', NULL, '1'),
(3338, 'B', '4338', 4338, '1', '1', '', '3338', '1', '', '1', 0, 0, NULL, '1950', '8250', '29-07-2025', '', '', NULL, '1'),
(3339, 'B', '4339', 4339, '1', '2', '', '3339', '1', '', '1', 0, 0, NULL, '6300', '31500', '29-07-2025', '', '', NULL, '2'),
(3340, 'B', '4340', 4340, '1', '1', '', '3340', '1', '', '1', 0, 0, NULL, '5500', '27500', '29-07-2025', '', '', NULL, '1'),
(3341, 'B', '4341', 4341, '1', '1', '', '3341', '1', '', '1', 0, 0, NULL, '5000', '25000', '29-07-2025', '', '', NULL, '1'),
(3342, 'B', '4342', 4342, '1', '1', '', '3342', '1', '', '1', 0, 0, NULL, '6300', '25500', '29-07-2025', '', '', NULL, '1'),
(3343, 'B', '4343', 4343, '1', '1', '', '3343', '1', '', '1', 0, 0, NULL, '6300', '25500', '29-07-2025', '', '', NULL, '1'),
(3344, 'B', '4344', 4344, '1', '1', '', '3344', '1', '', '1', 0, 0, NULL, '2800', '13500', '29-07-2025', '', '', NULL, '1'),
(3345, 'B', '4345', 4345, '1', '2', '', '3345', '1', '', '1', 0, 0, NULL, '1000', '6000', '29-07-2025', '', '', NULL, '2'),
(3346, 'B', '4346', 4346, '1', '1', '', '3346', '1', '', '1', 0, 0, NULL, '2250', '11250', '29-07-2025', '', '', NULL, '1'),
(3347, 'B', '4347', 4347, '1', '1', '', '3347', '1', '', '1', 0, 0, NULL, '6250', '31250', '29-07-2025', '', '', NULL, '1'),
(3348, 'B', '4348', 4348, '1', '1', '', '3348', '1', '', '1', 2, 1, NULL, '4300', '23500', '29-07-2025', '', '', NULL, '1'),
(3349, 'B', '4349', 4349, '1', '1', '', '3349', '1', '', '1', 0, 0, NULL, '5000', '25000', '29-07-2025', '', '', NULL, '1'),
(3350, 'B', '4350', 4350, '1', '1', '', '3350', '1', '', '1', 0, 0, NULL, '8700', '39500', '29-07-2025', '', '', NULL, '1'),
(3351, 'B', '4351', 4351, '1', '1', '', '3351', '1', '', '1', 2, 0, NULL, '2300', '9900', '29-07-2025', '', '', NULL, '1'),
(3352, 'B', '4352', 4352, '1', '1', '', '3352', '1', '', '1', 0, 0, NULL, '7500', '37500', '29-07-2025', '', '', NULL, '1'),
(3353, 'B', '4353', 4353, '1', '2', '', '3353', '1', '', '1', 0, 0, NULL, '6300', '31500', '29-07-2025', '', '', NULL, '2'),
(3354, 'B', '4354', 4354, '1', '1', '', '3354', '1', '', '1', 0, 0, NULL, '8100', '40500', '29-07-2025', '', '', NULL, '1'),
(3355, 'B', '4355', 4355, '1', '1', '', '3355', '1', '', '1', 0, 0, NULL, '4900', '21500', '29-07-2025', '', '', NULL, '1'),
(3356, 'B', '4356', 4356, '1', '1', '', '3356', '1', '', '1', 0, 0, NULL, '2550', '13500', '29-07-2025', '', '', NULL, '1'),
(3357, 'B', '4357', 4357, '1', '6', '', '3357', '1', '', '1', 0, 0, NULL, '725', '4350', '29-07-2025', '', '', NULL, '2'),
(3358, 'B', '4358', 4358, '1', '6', '', '3358', '1', '', '1', 2, 0, NULL, '725', '4350', '29-07-2025', '', '', NULL, '2'),
(3359, 'B', '4359', 4359, '1', '6', '', '3359', '1', '', '1', 0, 0, NULL, '700', '4200', '29-07-2025', '', '', NULL, '2'),
(3360, 'B', '4360', 4360, '1', '6', '', '3360', '1', '', '1', 0, 0, NULL, '1600', '7500', '29-07-2025', '', '', NULL, '2'),
(3361, 'B', '4361', 4361, '1', '6', '', '3361', '1', '', '1', -1, 1, NULL, '740', '4300', '29-07-2025', '', '', NULL, '2'),
(3362, 'B', '4362', 4362, '1', '6', '', '3362', '1', '', '1', 0, 0, NULL, '800', '4800', '29-07-2025', '', '', NULL, '2'),
(3363, 'B', '4363', 4363, '1', '6', '', '3363', '1', '', '1', 0, 0, NULL, '550', '4100', '29-07-2025', '', '', NULL, '2'),
(3364, 'B', '4364', 4364, '1', '6', '', '3364', '1', '', '1', 0, 0, NULL, '2000', '8500', '29-07-2025', '', '', NULL, '2'),
(3365, 'B', '4365', 4365, '1', '6', '', '3365', '1', '', '1', 1, 0, NULL, '650', '3700', '29-07-2025', '', '', NULL, '2'),
(3366, 'B', '4366', 4366, '1', '5', '', '3366', '1', '', '1', 0, 0, NULL, '1100', '5500', '29-07-2025', '', '', NULL, '2'),
(3367, 'B', '4367', 4367, '1', '5', '', '3367', '1', '', '1', 0, 0, NULL, '1200', '6000', '29-07-2025', '', '', NULL, '2'),
(3368, 'B', '4368', 4368, '1', '5', '', '3368', '1', '', '1', 0, 0, NULL, '1250', '6250', '29-07-2025', '', '', NULL, '2'),
(3369, 'B', '4369', 4369, '1', '5', '', '3369', '1', '', '1', 0, 0, NULL, '1600', '8000', '29-07-2025', '', '', NULL, '2'),
(3370, 'B', '4370', 4370, '1', '5', '', '3370', '1', '', '1', 0, 0, NULL, '1500', '7500', '29-07-2025', '', '', NULL, '2'),
(3371, 'B', '4371', 4371, '1', '18', '', '3371', '1', '', '1', 0, 0, NULL, '4400', '19500', '29-07-2025', '', '', NULL, '2'),
(3372, 'B', '4372', 4372, '1', '2', '', '3372', '1', '', '1', 0, 0, NULL, '1800', '9000', '29-07-2025', '', '', NULL, '2'),
(3373, 'B', '4373', 4373, '1', '1', '', '3373', '1', '', '1', 0, 0, NULL, '2350', '11750', '29-07-2025', '', '', NULL, '1'),
(3374, 'B', '4374', 4374, '1', '1', '', '3374', '1', '', '1', 0, 0, NULL, '3900', '19500', '29-07-2025', '', '', NULL, '1'),
(3375, 'B', '4375', 4375, '1', '2', '', '3375', '1', '', '1', 0, 0, NULL, '3130', '15650', '29-07-2025', '', '', NULL, '2'),
(3376, 'B', '4376', 4376, '1', '1', '', '3376', '1', '', '1', 0, 0, NULL, '3200', '16000', '29-07-2025', '', '', NULL, '1'),
(3377, 'B', '4377', 4377, '1', '2', '', '3377', '1', '', '1', 1, 1, NULL, '4050', '20250', '29-07-2025', '', '', NULL, '2'),
(3378, 'B', '4378', 4378, '1', '2', '', '3378', '1', '', '1', 0, 0, NULL, '3750', '19500', '29-07-2025', '', '', NULL, '2'),
(3379, 'B', '4379', 4379, '1', '1', '', '3379', '1', '', '1', 0, 0, NULL, '3900', '19500', '29-07-2025', '', '', NULL, '1'),
(3380, 'B', '4380', 4380, '1', '1', '', '3380', '1', '', '1', 0, 0, NULL, '3800', '19000', '29-07-2025', '', '', NULL, '1'),
(3381, 'B', '4381', 4381, '1', '1', '', '3381', '1', '', '1', 0, 0, NULL, '2400', '12000', '29-07-2025', '', '', NULL, '1'),
(3382, 'B', '4382', 4382, '1', '3', '', '3382', '1', '', '1', 0, 0, NULL, '1800', '8250', '29-07-2025', '', '', NULL, '3'),
(3383, 'B', '4383', 4383, '1', '3', '', '3383', '1', '', '1', 0, 0, NULL, '1800', '8250', '29-07-2025', '', '', NULL, '3'),
(3384, 'B', '4384', 4384, '1', '6', '', '3384', '1', '', '1', 0, 0, NULL, '1700', '8500', '29-07-2025', '', '', NULL, '2'),
(3385, 'B', '4385', 4385, '1', '6', '', '3385', '1', '', '1', 0, 0, NULL, '1700', '8500', '29-07-2025', '', '', NULL, '2'),
(3386, 'B', '4386', 4386, '1', '6', '', '3386', '1', '', '1', 0, 0, NULL, '1850', '9250', '29-07-2025', '', '', NULL, '2'),
(3387, 'B', '4387', 4387, '1', '3', '', '3387', '1', '', '1', 0, 0, NULL, '1350', '6750', '29-07-2025', '', '', NULL, '3'),
(3388, 'B', '4388', 4388, '1', '3', '', '3388', '1', '', '1', 0, 0, NULL, '1350', '6750', '29-07-2025', '', '', NULL, '3'),
(3389, 'B', '4389', 4389, '1', '3', '', '3389', '1', '', '1', 0, 0, NULL, '1500', '7500', '29-07-2025', '', '', NULL, '3'),
(3390, 'B', '4390', 4390, '1', '3', '', '3390', '1', '', '1', 0, 0, NULL, '1500', '7500', '29-07-2025', '', '', NULL, '3'),
(3391, 'B', '4391', 4391, '1', '3', '', '3391', '1', '', '1', 0, 0, NULL, '1500', '7500', '29-07-2025', '', '', NULL, '3'),
(3392, 'B', '4392', 4392, '1', '3', '', '3392', '1', '', '1', 0, 0, NULL, '2100', '10500', '29-07-2025', '', '', NULL, '3'),
(3393, 'B', '4393', 4393, '1', '3', '', '3393', '1', '', '1', 0, 0, NULL, '2100', '11500', '29-07-2025', '', '', NULL, '3'),
(3394, 'B', '4394', 4394, '1', '1', '', '3394', '1', '', '1', 1, 1, NULL, '2475', '9900', '14-08-2025', '', '', NULL, '1'),
(3395, 'B', '4395', 4395, '1', '1', '', '3395', '1', '', '1', 1, 1, NULL, '14625', '58500', '14-08-2025', '', '', NULL, '1'),
(3396, 'B', '4396', 4396, '1', '5', '', '3396', '1', '', '1', 1, 1, NULL, '1475', '5900', '14-08-2025', '', '', NULL, '2'),
(3397, 'B', '4397', 4397, '1', '1', '', '3397', '1', '', '1', 1, 1, NULL, '15875', '63500', '14-08-2025', '', '', NULL, '1'),
(3398, 'B', '4398', 4398, '1', '1', '', '3398', '1', '', '1', 1, 1, NULL, '13937.5', '55750', '14-08-2025', '', '', NULL, '1'),
(3399, 'B', '4399', 4399, '1', '1', '', '3399', '1', '', '1', 1, 1, NULL, '17375', '69500', '14-08-2025', '', '', NULL, '1'),
(3400, 'B', '4400', 4400, '1', '1', '', '3400', '1', '', '1', 1, 1, NULL, '19875', '79500', '14-08-2025', '', '', NULL, '1'),
(3401, 'B', '4401', 4401, '1', '3', '', '3401', '1', '', '1', 1, 1, NULL, '1475', '5900', '14-08-2025', '', '', NULL, '3'),
(3402, 'B', '4402', 4402, '1', '2', NULL, '3402', '1', '', '1', 0, 0, NULL, '1000', '4150', '28-08-2025', NULL, NULL, NULL, '2'),
(3403, 'B', '4403', 4403, '1', '3', '', '3403', '1', '', '1', 0, 0, NULL, '851', '10400', '28-08-2025', '', '', NULL, '3'),
(3404, 'B', '4404', 4404, '1', '3', '', '3404', '1', '', '1', 0, 0, NULL, '852', '6300', '28-08-2025', '', '', NULL, '3'),
(3405, 'B', '4405', 4405, '1', '24', '', '3405', '1', '', '1', -2, 0, NULL, '853', '9500', '28-08-2025', '', '', NULL, '3'),
(3406, 'B', '4406', 4406, '1', '18', '', '3406', '1', '', '1', 1, 0, NULL, '854', '7000', '28-08-2025', '', '', NULL, '3'),
(3407, 'B', '4407', 4407, '1', '18', '', '3407', '1', '', '1', 1, 1, NULL, '855', '24800', '28-08-2025', '', '', NULL, '2'),
(3408, 'B', '4408', 4408, '1', '18', '', '3408', '1', '', '1', 1, 1, NULL, '856', '14400', '28-08-2025', '', '', NULL, '2'),
(3409, 'B', '4409', 4409, '1', '18', '', '3409', '1', '', '1', 0, 0, NULL, '857', '20400', '28-08-2025', '', '', NULL, '2'),
(3410, 'B', '4410', 4410, '1', '24', '', '3410', '1', '', '1', -1, 0, NULL, '858', '18000', '28-08-2025', '', '', NULL, '2'),
(3411, 'B', '4411', 4411, '1', '24', '', '3411', '1', '', '1', 1, 0, NULL, '859', '7250', '28-08-2025', '', '', NULL, '2'),
(3412, 'B', '4412', 4412, '1', '24', '', '3412', '1', '', '1', 0, 2, NULL, '860', '13800', '28-08-2025', '', '', NULL, '2'),
(3413, 'B', '4413', 4413, '1', '24', '', '3413', '1', '', '1', 1, 1, NULL, '861', '13750', '28-08-2025', '', '', NULL, '2'),
(3414, 'B', '4414', 4414, '1', '24', '', '3414', '1', '', '1', 1, 1, NULL, '862', '29000', '28-08-2025', '', '', NULL, '2'),
(3415, 'B', '4415', 4415, '1', '24', '', '3415', '1', '', '1', 2, 0, NULL, '863', '16400', '28-08-2025', '', '', NULL, '2'),
(3416, 'B', '4416', 4416, '1', '24', '', '3416', '1', '', '1', 0, 0, NULL, '864', '12800', '28-08-2025', '', '', NULL, '2'),
(3417, 'B', '4417', 4417, '1', '24', '', '3417', '1', '', '1', 0, 0, NULL, '865', '14000', '28-08-2025', '', '', NULL, '2'),
(3418, 'B', '4418', 4418, '1', '24', '', '3418', '1', '', '1', 0, 0, NULL, '866', '24000', '28-08-2025', '', '', NULL, '2'),
(3419, 'B', '4419', 4419, '1', '18', '', '3419', '1', '', '1', 3, 0, NULL, '867', '15600', '28-08-2025', '', '', NULL, '2'),
(3420, 'B', '4420', 4420, '1', '18', '', '3420', '1', '', '1', 1, 0, NULL, '868', '15600', '28-08-2025', '', '', NULL, '2'),
(3421, 'B', '4421', 4421, '1', '18', '', '3421', '1', '', '1', 0, 0, NULL, '869', '11600', '28-08-2025', '', '', NULL, '2'),
(3422, 'B', '4422', 4422, '1', '6', '', '3422', '1', '', '1', 1, 1, NULL, '870', '4500', '28-08-2025', '', '', NULL, '2'),
(3423, 'B', '4423', 4423, '1', '6', '', '3423', '1', '', '1', 1, 1, NULL, '871', '3750', '28-08-2025', '', '', NULL, '2'),
(3424, 'B', '4424', 4424, '1', '6', '', '3424', '1', '', '1', 0, 0, NULL, '872', '4000', '28-08-2025', '', '', NULL, '2'),
(3425, 'B', '4425', 4425, '1', '6', '', '3425', '1', '', '1', 0, 0, NULL, '873', '4250', '28-08-2025', '', '', NULL, '2'),
(3426, 'B', '4426', 4426, '1', '6', '', '3426', '1', '', '1', 0, 0, NULL, '874', '2500', '28-08-2025', '', '', NULL, '2'),
(3427, 'B', '4427', 4427, '1', '6', '', '3427', '1', '', '1', 1, 1, NULL, '875', '9450', '28-08-2025', '', '', NULL, '2'),
(3428, 'B', '4428', 4428, '1', '6', '', '3428', '1', '', '1', 1, 1, NULL, '876', '9450', '28-08-2025', '', '', NULL, '2'),
(3429, 'B', '4429', 4429, '1', '6', '', '3429', '1', '', '1', 1, 1, NULL, '877', '9450', '28-08-2025', '', '', NULL, '2'),
(3430, 'B', '4430', 4430, '1', '6', '', '3430', '1', '', '1', 1, 1, NULL, '878', '5500', '28-08-2025', '', '', NULL, '2'),
(3431, 'B', '4431', 4431, '1', '6', '', '3431', '1', '', '1', 0, 0, NULL, '879', '9500', '28-08-2025', '', '', NULL, '2'),
(3432, 'B', '4432', 4432, '1', '6', '', '3432', '1', '', '1', 2, 2, NULL, '880', '9450', '28-08-2025', '', '', NULL, '2'),
(3433, 'B', '4433', 4433, '1', '6', '', '3433', '1', '', '1', 0, 0, NULL, '881', '4000', '28-08-2025', '', '', NULL, '2'),
(3434, 'B', '4434', 4434, '1', '6', '', '3434', '1', '', '1', 1, 1, NULL, '882', '6500', '28-08-2025', '', '', NULL, '2'),
(3435, 'B', '4435', 4435, '1', '6', '', '3435', '1', '', '1', 0, 0, NULL, '883', '6500', '28-08-2025', '', '', NULL, '2'),
(3436, 'B', '4436', 4436, '1', '6', '', '3436', '1', '', '1', 0, 0, NULL, '884', '6500', '28-08-2025', '', '', NULL, '2'),
(3437, 'B', '4437', 4437, '1', '6', '', '3437', '1', '', '1', 0, 0, NULL, '885', '3750', '28-08-2025', '', '', NULL, '2'),
(3438, 'B', '4438', 4438, '1', '6', '', '3438', '1', '', '1', -2, 0, NULL, '886', '4500', '28-08-2025', '', '', NULL, '2'),
(3439, 'B', '4439', 4439, '1', '6', '', '3439', '1', '', '1', 0, 0, NULL, '887', '8550', '28-08-2025', '', '', NULL, '2'),
(3440, 'B', '4440', 4440, '1', '6', '', '3440', '1', '', '1', 0, 0, NULL, '888', '8550', '28-08-2025', '', '', NULL, '2'),
(3441, 'B', '4441', 4441, '1', '6', '', '3441', '1', '', '1', 0, 0, NULL, '889', '3750', '28-08-2025', '', '', NULL, '2'),
(3442, 'B', '4442', 4442, '1', '6', '', '3442', '1', '', '1', 0, 1, NULL, '890', '4250', '28-08-2025', '', '', NULL, '2'),
(3443, 'B', '4443', 4443, '1', '6', '', '3443', '1', '', '1', 1, 0, NULL, '891', '4000', '28-08-2025', '', '', NULL, '2'),
(3444, 'B', '4444', 4444, '1', '6', '', '3444', '1', '', '1', 0, 1, NULL, '892', '3750', '28-08-2025', '', '', NULL, '2'),
(3445, 'B', '4445', 4445, '1', '6', '', '3445', '1', '', '1', 0, 0, NULL, '893', '3750', '28-08-2025', '', '', NULL, '2'),
(3446, 'B', '4446', 4446, '1', '6', '', '3446', '1', '', '1', 1, 0, NULL, '894', '2500', '28-08-2025', '', '', NULL, '2'),
(3447, 'B', '4447', 4447, '1', '6', '', '3447', '1', '', '1', 2, 2, NULL, '895', '4500', '28-08-2025', '', '', NULL, '2'),
(3448, 'B', '4448', 4448, '1', '6', '', '3448', '1', '', '1', 0, 0, NULL, '896', '3750', '28-08-2025', '', '', NULL, '2'),
(3449, 'B', '4449', 4449, '1', '6', '', '3449', '1', '', '1', 0, 0, NULL, '897', '31600', '28-08-2025', '', '', NULL, '2'),
(3450, 'B', '4450', 4450, '1', '13', NULL, '3450', '1', '', '1', 0, 0, NULL, '8500', '25000', '06-09-2025', NULL, NULL, NULL, '2'),
(3451, 'B', '4451', 4451, '1', '1', '', '3451', '1', '', '1', 0, 0, NULL, '2625', '10500', '17-09-2025', '', '', NULL, '1'),
(3452, 'B', '4452', 4452, '1', '1', '', '3452', '1', '', '1', 0, 0, NULL, '2375', '9500', '17-09-2025', '', '', NULL, '1'),
(3453, 'B', '4453', 4453, '1', '1', '', '3453', '1', '', '1', 0, 0, NULL, '1025', '4100', '17-09-2025', '', '', NULL, '1'),
(3454, 'B', '4454', 4454, '1', '1', '', '3454', '1', '', '1', 0, 0, NULL, '5375', '21500', '17-09-2025', '', '', NULL, '1'),
(3455, 'B', '4455', 4455, '1', '1', '', '3455', '1', '', '1', 0, 0, NULL, '2312', '9250', '17-09-2025', '', '', NULL, '1'),
(3456, 'B', '4456', 4456, '1', '1', '', '3456', '1', '', '1', 0, 0, NULL, '2225', '8900', '17-09-2025', '', '', NULL, '1'),
(3457, 'B', '4457', 4457, '1', '2', '', '3457', '1', '', '1', 0, 0, NULL, '1875', '7500', '17-09-2025', '', '', NULL, '2'),
(3458, 'B', '4458', 4458, '1', '2', '', '3458', '1', '', '1', 0, 0, NULL, '5250', '21000', '17-09-2025', '', '', NULL, '2'),
(3459, 'B', '4459', 4459, '1', '2', '', '3459', '1', '', '1', 0, 0, NULL, '4875', '19500', '17-09-2025', '', '', NULL, '2'),
(3460, 'B', '4460', 4460, '1', '3', '', '3460', '1', '', '1', 0, 0, NULL, '2312', '9250', '17-09-2025', '', '', NULL, '3'),
(3461, 'B', '4461', 4461, '1', '2', '', '3461', '1', '', '1', 0, 0, NULL, '', '', '17-09-2025', '', '', NULL, '2'),
(3462, 'B', '4462', 4462, '1', '3', '', '3462', '1', '', '1', 0, 0, NULL, '1812', '7250', '17-09-2025', '', '', NULL, '3'),
(3463, 'B', '4463', 4463, '1', '1', '', '3463', '1', '', '1', 0, 0, NULL, '2625', '10500', '17-09-2025', '', '', NULL, '1'),
(3464, 'B', '4464', 4464, '1', '1', '', '3464', '1', '', '1', 0, 0, NULL, '7375', '29500', '17-09-2025', '', '', NULL, '1'),
(3465, 'B', '4465', 4465, '1', '5', '', '3465', '1', '', '1', 0, 0, NULL, '4625', '18500', '25-09-2025', '', '', NULL, '2'),
(3466, 'B', '4466', 4466, '1', '14', '', '3466', '1', '', '1', 0, 0, NULL, '2100', '8400', '25-09-2025', '', '', NULL, '3'),
(3467, 'B', '4467', 4467, '1', '14', '', '3467', '1', '', '1', 0, 0, NULL, '875', '3500', '25-09-2025', '', '', NULL, '3'),
(3468, 'B', '4468', 4468, '1', '14', '', '3468', '1', '', '1', 0, 0, NULL, '975', '3900', '25-09-2025', '', '', NULL, '3'),
(3469, 'B', '4469', 4469, '1', '14', '', '3469', '1', '', '1', 0, 0, NULL, '1475', '5900', '25-09-2025', '', '', NULL, '3'),
(3470, 'B', '4470', 4470, '1', '14', '', '3470', '1', '', '1', 0, 0, NULL, '1375', '5500', '25-09-2025', '', '', NULL, '3'),
(3471, 'B', '4471', 4471, '1', '14', '', '3471', '1', '', '1', 0, 0, NULL, '1225', '4900', '25-09-2025', '', '', NULL, '3'),
(3472, 'B', '4472', 4472, '1', '1', '', '3472', '1', '', '1', 0, 0, NULL, '6625', '26500', '25-09-2025', '', '', NULL, '1'),
(3473, 'B', '4473', 4473, '1', '1', '', '3473', '1', '', '1', 0, 0, NULL, '3055', '12220', '25-09-2025', '', '', NULL, '1'),
(3474, 'B', '4474', 4474, '1', '1', '', '3474', '1', '', '1', 0, 0, NULL, '4875', '19500', '25-09-2025', '', '', NULL, '1'),
(3475, 'B', '4475', 4475, '1', '1', '', '3475', '1', '', '1', 0, 0, NULL, '5875', '23500', '25-09-2025', '', '', NULL, '1'),
(3476, 'B', '4476', 4476, '1', '1', '', '3476', '1', '', '1', 0, 0, NULL, '4375', '17500', '25-09-2025', '', '', NULL, '1'),
(3477, 'B', '4477', 4477, '1', '1', '', '3477', '1', '', '1', 0, 0, NULL, '3770', '15080', '25-09-2025', '', '', NULL, '1'),
(3478, 'B', '4478', 4478, '1', '1', '', '3478', '1', '', '1', 0, 0, NULL, '6875', '27500', '25-09-2025', '', '', NULL, '1'),
(3479, 'B', '4479', 4479, '1', '1', '', '3479', '1', '', '1', 0, 0, NULL, '8875', '35500', '25-09-2025', '', '', NULL, '1'),
(3480, 'B', '4480', 4480, '1', '1', '', '3480', '1', '', '1', 0, 0, NULL, '4875', '19500', '25-09-2025', '', '', NULL, '1'),
(3481, 'B', '4481', 4481, '1', '1', '', '3481', '1', '', '1', 0, 0, NULL, '6375', '25500', '25-09-2025', '', '', NULL, '1'),
(3482, 'B', '4482', 4482, '1', '1', '', '3482', '1', '', '1', 0, 0, NULL, '6375', '25500', '25-09-2025', '', '', NULL, '1'),
(3483, 'B', '4483', 4483, '1', '1', '', '3483', '1', '', '1', 0, 0, NULL, '4987', '19950', '25-09-2025', '', '', NULL, '1'),
(3484, 'B', '4484', 4484, '1', '14', '', '3484', '1', '', '1', 0, 0, NULL, '1112', '4450', '25-09-2025', '', '', NULL, '3'),
(3485, 'B', '4485', 4485, '1', '14', '', '3485', '1', '', '1', 0, 0, NULL, '875', '3500', '25-09-2025', '', '', NULL, '3'),
(3486, 'B', '4486', 4486, '1', '14', '', '3486', '1', '', '1', 0, 0, NULL, '562', '2250', '25-09-2025', '', '', NULL, '3'),
(3487, 'B', '4487', 4487, '1', '5', '', '3487', '1', '', '1', 0, 0, NULL, '1975', '7900', '25-09-2025', '', '', NULL, '2'),
(3488, 'B', '4488', 4488, '1', '5', '', '3488', '1', '', '1', 0, 0, NULL, '1975', '7900', '25-09-2025', '', '', NULL, '2'),
(3489, 'B', '4489', 4489, '1', '5', '', '3489', '1', '', '1', 0, 0, NULL, '4875', '19500', '25-09-2025', '', '', NULL, '2'),
(3490, 'B', '4490', 4490, '1', '6', NULL, '3490', '1', '', '1', 0, 0, NULL, '2500', '10000', '27-09-2025', NULL, NULL, NULL, '2'),
(3491, 'B', '4491', 4491, '1', '1', '', '3491', '1', '', '1', 0, 0, NULL, '7375', '29500', '11-10-2025', '', '', NULL, '1'),
(3492, 'B', '4492', 4492, '1', '1', '', '3492', '1', '', '1', 0, 0, NULL, '5625', '22500', '11-10-2025', '', '', NULL, '3'),
(3493, 'B', '4493', 4493, '1', '1', '', '3493', '1', '', '1', 0, 0, NULL, '8125', '32500', '11-10-2025', '', '', NULL, '3'),
(3494, 'B', '4494', 4494, '1', '1', '', '3494', '1', '', '1', 0, 0, NULL, '5525', '22100', '11-10-2025', '', '', NULL, '3'),
(3495, 'B', '4495', 4495, '1', '1', '', '3495', '1', '', '1', 0, 0, NULL, '5250', '21000', '11-10-2025', '', '', NULL, '3'),
(3496, 'B', '4496', 4496, '1', '1', '', '3496', '1', '', '1', 0, 0, NULL, '3375', '13500', '11-10-2025', '', '', NULL, '3'),
(3497, 'B', '4497', 4497, '1', '1', '', '3497', '1', '', '1', 0, 0, NULL, '3375', '13500', '11-10-2025', '', '', NULL, '3'),
(3498, 'B', '4498', 4498, '1', '1', '', '3498', '1', '', '1', 0, 0, NULL, '8375', '33500', '11-10-2025', '', '', NULL, '1'),
(3499, 'B', '4499', 4499, '1', '28', '', '3499', '1', '', '1', 0, 0, NULL, '1975', '7900', '11-10-2025', '', '', NULL, '2'),
(3500, 'B', '4500', 4500, '1', '3', '', '3500', '1', '', '1', 0, 0, NULL, '1812', '7250', '11-10-2025', '', '', NULL, '3'),
(3501, 'B', '4501', 4501, '1', '1', '', '3501', '1', '', '1', 0, 0, NULL, '1875', '7500', '11-10-2025', '', '', NULL, '1'),
(3502, 'B', '4502', 4502, '1', '3', '', '3502', '1', '', '1', 0, 0, NULL, '1050', '4200', '11-10-2025', '', '', NULL, '3'),
(3503, 'B', '4503', 4503, '1', '28', '', '3503', '1', '', '1', 0, 0, NULL, '1975', '7900', '11-10-2025', '', '', NULL, '2'),
(3504, 'B', '4504', 4504, '1', '3', '', '3504', '1', '', '1', 0, 0, NULL, '1243', '4975', '11-10-2025', '', '', NULL, '3'),
(3505, 'B', '4505', 4505, '1', '1', '', '3505', '1', '', '1', 0, 0, NULL, '13125', '52500', '11-10-2025', '', '', NULL, '1'),
(3506, 'B', '4506', 4506, '1', '3', '', '3506', '1', '', '1', 0, 0, NULL, '1243', '4975', '11-10-2025', '', '', NULL, '3'),
(3507, 'B', '4507', 4507, '1', '28', '', '3507', '1', '', '1', 0, 0, NULL, '1975', '7900', '11-10-2025', '', '', NULL, '2'),
(3508, 'B', '4508', 4508, '1', '1', '', '3508', '1', '', '1', 1, 1, NULL, '3375', '13500', '11-10-2025', '', '', NULL, '1'),
(3509, 'B', '4509', 4509, '1', '1', '', '3509', '1', '', '1', 0, 0, NULL, '2225', '8900', '11-10-2025', '', '', NULL, '1'),
(3510, 'B', '4510', 4510, '1', '3', '', '3510', '1', '', '1', 0, 0, NULL, '1375', '5500', '11-10-2025', '', '', NULL, '3'),
(3511, 'B', '4511', 4511, '1', '1', '', '3511', '1', '', '1', 0, 0, NULL, '7375', '29500', '11-10-2025', '', '', NULL, '1'),
(3512, 'B', '4512', 4512, '1', '1', '', '3512', '1', '', '1', 0, 0, NULL, '4375', '17500', '11-10-2025', '', '', NULL, '1'),
(3513, 'B', '4513', 4513, '1', '3', '', '3513', '1', '', '1', 0, 0, NULL, '800', '3500', '13-11-2025', '', '', NULL, '3'),
(3514, 'B', '4514', 4514, '1', '3', '', '3514', '1', '', '1', 0, 0, NULL, '3000', '11500', '13-11-2025', '', '', NULL, '3'),
(3515, 'B', '4515', 4515, '1', '3', '', '3515', '1', '', '1', 0, 0, NULL, '3000', '11500', '13-11-2025', '', '', NULL, '3'),
(3516, 'B', '4516', 4516, '1', '3', '', '3516', '1', '', '1', 0, 0, NULL, '3000', '12000', '13-11-2025', '', '', NULL, '3'),
(3517, 'B', '4517', 4517, '1', '3', '', '3517', '1', '', '1', 0, 0, NULL, '2800', '11250', '13-11-2025', '', '', NULL, '3'),
(3518, 'B', '4518', 4518, '1', '3', '', '3518', '1', '', '1', 0, 0, NULL, '800', '3500', '13-11-2025', '', '', NULL, '3'),
(3519, 'B', '4519', 4519, '1', '3', '', '3519', '1', '', '1', 0, 0, NULL, '3200', '12950', '13-11-2025', '', '', NULL, '3'),
(3520, 'B', '4520', 4520, '1', '3', '', '3520', '1', '', '1', 0, 0, NULL, '3000', '11500', '13-11-2025', '', '', NULL, '3'),
(3521, 'B', '4521', 4521, '1', '3', '', '3521', '1', '', '1', 0, 0, NULL, '3000', '11900', '13-11-2025', '', '', NULL, '3'),
(3522, 'B', '4522', 4522, '1', '3', '', '3522', '1', '', '1', 0, 0, NULL, '1600', '6900', '13-11-2025', '', '', NULL, '3'),
(3523, 'B', '4523', 4523, '1', '3', '', '3523', '1', '', '1', 0, 0, NULL, '2400', '9600', '13-11-2025', '', '', NULL, '3'),
(3524, 'B', '4524', 4524, '1', '3', '', '3524', '1', '', '1', 0, 0, NULL, '1700', '6900', '13-11-2025', '', '', NULL, '3'),
(3525, 'B', '4525', 4525, '1', '3', '', '3525', '1', '', '1', 0, 0, NULL, '950', '4750', '13-11-2025', '', '', NULL, '3'),
(3526, 'B', '4526', 4526, '1', '3', '', '3526', '1', '', '1', 0, 0, NULL, '2800', '11500', '13-11-2025', '', '', NULL, '3'),
(3527, 'B', '4527', 4527, '1', '3', '', '3527', '1', '', '1', 0, 0, NULL, '1600', '7900', '13-11-2025', '', '', NULL, '3'),
(3528, 'B', '4528', 4528, '1', '3', '', '3528', '1', '', '1', 0, 0, NULL, '1100', '4900', '13-11-2025', '', '', NULL, '3'),
(3529, 'B', '4529', 4529, '1', '3', '', '3529', '1', '', '1', 0, 0, NULL, '1600', '7250', '13-11-2025', '', '', NULL, '3'),
(3530, 'B', '4530', 4530, '1', '3', '', '3530', '1', '', '1', 0, 0, NULL, '2500', '9900', '13-11-2025', '', '', NULL, '3'),
(3531, 'B', '4531', 4531, '1', '3', '', '3531', '1', '', '1', 0, 0, NULL, '2440', '9800', '13-11-2025', '', '', NULL, '3'),
(3532, 'B', '4532', 4532, '1', '3', '', '3532', '1', '', '1', 0, 0, NULL, '1350', '5500', '13-11-2025', '', '', NULL, '3'),
(3533, 'B', '4533', 4533, '1', '3', '', '3533', '1', '', '1', 0, 0, NULL, '1050', '5500', '13-11-2025', '', '', NULL, '3'),
(3534, 'B', '4534', 4534, '1', '3', '', '3534', '1', '', '1', 0, 0, NULL, '3000', '13500', '13-11-2025', '', '', NULL, '3'),
(3535, 'B', '4535', 4535, '1', '3', '', '3535', '1', '', '1', 0, 0, NULL, '2500', '11000', '13-11-2025', '', '', NULL, '3'),
(3536, 'B', '4536', 4536, '1', '3', '', '3536', '1', '', '1', 0, 0, NULL, '2750', '11500', '13-11-2025', '', '', NULL, '3'),
(3537, 'B', '4537', 4537, '1', '3', '', '3537', '1', '', '1', 0, 0, NULL, '2250', '9900', '13-11-2025', '', '', NULL, '3'),
(3538, 'B', '4538', 4538, '1', '3', '', '3538', '1', '', '1', 0, 0, NULL, '1300', '5500', '13-11-2025', '', '', NULL, '3'),
(3539, 'B', '4539', 4539, '1', '3', '', '3539', '1', '', '1', 0, 0, NULL, '2000', '8900', '13-11-2025', '', '', NULL, '3'),
(3540, 'B', '4540', 4540, '1', '3', '', '3540', '1', '', '1', 0, 0, NULL, '1300', '5500', '13-11-2025', '', '', NULL, '3'),
(3541, 'B', '4541', 4541, '1', '3', '', '3541', '1', '', '1', 0, 0, NULL, '3000', '12500', '13-11-2025', '', '', NULL, '3'),
(3542, 'B', '4542', 4542, '1', '3', '', '3542', '1', '', '1', 0, 0, NULL, '900', '4500', '13-11-2025', '', '', NULL, '3'),
(3543, 'B', '4543', 4543, '1', '3', '', '3543', '1', '', '1', 0, 0, NULL, '1700', '6900', '13-11-2025', '', '', NULL, '3'),
(3544, 'B', '4544', 4544, '1', '3', '', '3544', '1', '', '1', 0, 0, NULL, '1100', '5500', '13-11-2025', '', '', NULL, '3'),
(3545, 'B', '4545', 4545, '1', '3', '', '3545', '1', '', '1', 0, 0, NULL, '3550', '13500', '13-11-2025', '', '', NULL, '3'),
(3546, 'B', '4546', 4546, '1', '3', '', '3546', '1', '', '1', 0, 0, NULL, '5000', '19500', '13-11-2025', '', '', NULL, '3'),
(3547, 'B', '4547', 4547, '1', '3', '', '3547', '1', '', '1', 0, 0, NULL, '1000', '5250', '13-11-2025', '', '', NULL, '3'),
(3548, 'B', '4548', 4548, '1', '3', '', '3548', '1', '', '1', 0, 0, NULL, '5000', '19500', '13-11-2025', '', '', NULL, '3'),
(3549, 'B', '4549', 4549, '1', '3', '', '3549', '1', '', '1', 0, 0, NULL, '3000', '13500', '13-11-2025', '', '', NULL, '3'),
(3550, 'B', '4550', 4550, '1', '3', '', '3550', '1', '', '1', 0, 0, NULL, '2600', '11000', '13-11-2025', '', '', NULL, '3'),
(3551, 'B', '4551', 4551, '1', '3', '', '3551', '1', '', '1', 0, 0, NULL, '1250', '5500', '13-11-2025', '', '', NULL, '3'),
(3552, 'B', '4552', 4552, '1', '3', '', '3552', '1', '', '1', 0, 0, NULL, '1120', '5750', '13-11-2025', '', '', NULL, '3'),
(3553, 'B', '4553', 4553, '1', '1', '', '3553', '1', '', '1', 0, 0, NULL, '4800', '22500', '13-11-2025', '', '', NULL, '1'),
(3554, 'B', '4554', 4554, '1', '1', '', '3554', '1', '', '1', 0, 0, NULL, '6200', '25500', '13-11-2025', '', '', NULL, '1'),
(3555, 'B', '4555', 4555, '1', '1', '', '3555', '1', '', '1', 0, 0, NULL, '6250', '25000', '13-11-2025', '', '', NULL, '1'),
(3556, 'B', '4556', 4556, '1', '1', '', '3556', '1', '', '1', 0, 0, NULL, '4600', '18500', '13-11-2025', '', '', NULL, '1'),
(3557, 'B', '4557', 4557, '1', '1', '', '3557', '1', '', '1', 0, 0, NULL, '5200', '23400', '13-11-2025', '', '', NULL, '1'),
(3558, 'B', '4558', 4558, '1', '1', '', '3558', '1', '', '1', 0, 0, NULL, '4900', '22000', '13-11-2025', '', '', NULL, '1'),
(3559, 'B', '4559', 4559, '1', '1', '', '3559', '1', '', '1', 0, 0, NULL, '4570', '19500', '13-11-2025', '', '', NULL, '1'),
(3560, 'B', '4560', 4560, '1', '1', '', '3560', '1', '', '1', 0, 0, NULL, '7700', '33500', '13-11-2025', '', '', NULL, '1'),
(3561, 'B', '4561', 4561, '1', '1', '', '3561', '1', '', '1', 0, 0, NULL, '6350', '27500', '13-11-2025', '', '', NULL, '1'),
(3562, 'B', '4562', 4562, '1', '1', '', '3562', '1', '', '1', 0, 0, NULL, '5320', '23900', '13-11-2025', '', '', NULL, '1'),
(3563, 'B', '4563', 4563, '1', '1', '', '3563', '1', '', '1', 0, 0, NULL, '7700', '34650', '13-11-2025', '', '', NULL, '1'),
(3564, 'B', '4564', 4564, '1', '1', '', '3564', '1', '', '1', 0, 0, NULL, '5300', '23850', '13-11-2025', '', '', NULL, '1'),
(3565, 'B', '4565', 4565, '1', '1', '', '3565', '1', '', '1', 0, 0, NULL, '6400', '26500', '13-11-2025', '', '', NULL, '1'),
(3566, 'B', '4566', 4566, '1', '1', '', '3566', '1', '', '1', 0, 0, NULL, '5900', '24500', '13-11-2025', '', '', NULL, '1'),
(3567, 'B', '4567', 4567, '1', '1', '', '3567', '1', '', '1', 0, 0, NULL, '7700', '34650', '13-11-2025', '', '', NULL, '1'),
(3568, 'B', '4568', 4568, '1', '1', '', '3568', '1', '', '1', 0, 0, NULL, '3900', '15500', '13-11-2025', '', '', NULL, '1'),
(3569, 'B', '4569', 4569, '1', '1', '', '3569', '1', '', '1', 0, 0, NULL, '3700', '15500', '13-11-2025', '', '', NULL, '1'),
(3570, 'B', '4570', 4570, '1', '1', '', '3570', '1', '', '1', 0, 0, NULL, '2800', '12250', '13-11-2025', '', '', NULL, '1'),
(3571, 'B', '4571', 4571, '1', '1', '', '3571', '1', '', '1', 0, 0, NULL, '3400', '13500', '13-11-2025', '', '', NULL, '1'),
(3572, 'B', '4572', 4572, '1', '1', '', '3572', '1', '', '1', 0, 0, NULL, '4100', '16500', '13-11-2025', '', '', NULL, '1'),
(3573, 'B', '4573', 4573, '1', '1', '', '3573', '1', '', '1', 0, 0, NULL, '8700', '34500', '13-11-2025', '', '', NULL, '1'),
(3574, 'B', '4574', 4574, '1', '1', '', '3574', '1', '', '1', 0, 0, NULL, '6100', '25500', '13-11-2025', '', '', NULL, '1'),
(3575, 'B', '4575', 4575, '1', '2', '', '3575', '1', '', '1', 0, 0, NULL, '11000', '44000', '13-11-2025', '', '', NULL, '2'),
(3576, 'B', '4576', 4576, '1', '2', '', '3576', '1', '', '1', 0, 0, NULL, '7000', '28000', '13-11-2025', '', '', NULL, '2'),
(3577, 'B', '4577', 4577, '1', '2', '', '3577', '1', '', '1', 0, 0, NULL, '9000', '36000', '13-11-2025', '', '', NULL, '2'),
(3578, 'B', '4578', 4578, '1', '1', '', '3578', '1', '', '1', 0, 0, NULL, '3100', '13500', '13-11-2025', '', '', NULL, '1'),
(3579, 'B', '4579', 4579, '1', '1', '', '3579', '1', '', '1', 0, 0, NULL, '3250', '13500', '13-11-2025', '', '', NULL, '1'),
(3580, 'B', '4580', 4580, '1', '1', '', '3580', '1', '', '1', 0, 0, NULL, '2550', '11500', '13-11-2025', '', '', NULL, '1'),
(3581, 'B', '4581', 4581, '1', '1', '', '3581', '1', '', '1', 0, 0, NULL, '2200', '8900', '13-11-2025', '', '', NULL, '1'),
(3582, 'B', '4582', 4582, '1', '1', '', '3582', '1', '', '1', 0, 0, NULL, '3400', '13500', '13-11-2025', '', '', NULL, '1'),
(3583, 'B', '4583', 4583, '1', '1', '', '3583', '1', '', '1', 0, 0, NULL, '4200', '16900', '13-11-2025', '', '', NULL, '1'),
(3584, 'B', '4584', 4584, '1', '1', '', '3584', '1', '', '1', 0, 0, NULL, '4450', '19000', '13-11-2025', '', '', NULL, '1'),
(3585, 'B', '4585', 4585, '1', '1', '', '3585', '1', '', '1', 0, 0, NULL, '3800', '17100', '13-11-2025', '', '', NULL, '1'),
(3586, 'B', '4586', 4586, '1', '1', '', '3586', '1', '', '1', 0, 0, NULL, '2200', '9900', '13-11-2025', '', '', NULL, '1'),
(3587, 'B', '4587', 4587, '1', '1', '', '3587', '1', '', '1', 0, 0, NULL, '2900', '12500', '13-11-2025', '', '', NULL, '1'),
(3588, 'B', '4588', 4588, '1', '1', '', '3588', '1', '', '1', 0, 0, NULL, '2750', '11900', '13-11-2025', '', '', NULL, '1'),
(3589, 'B', '4589', 4589, '1', '1', '', '3589', '1', '', '1', 0, 0, NULL, '2500', '11000', '13-11-2025', '', '', NULL, '1'),
(3590, 'B', '4590', 4590, '1', '1', '', '3590', '1', '', '1', 0, 0, NULL, '3150', '13500', '13-11-2025', '', '', NULL, '1'),
(3591, 'B', '4591', 4591, '1', '1', '', '3591', '1', '', '1', 0, 0, NULL, '1800', '8900', '13-11-2025', '', '', NULL, '1'),
(3592, 'B', '4592', 4592, '1', '1', '', '3592', '1', '', '1', 0, 0, NULL, '3150', '13500', '13-11-2025', '', '', NULL, '1'),
(3593, 'B', '4593', 4593, '1', '1', '', '3593', '1', '', '1', 0, 0, NULL, '2450', '10500', '13-11-2025', '', '', NULL, '1'),
(3594, 'B', '4594', 4594, '1', '1', '', '3594', '1', '', '1', 0, 0, NULL, '2000', '8900', '13-11-2025', '', '', NULL, '1'),
(3595, 'B', '4595', 4595, '1', '1', '', '3595', '1', '', '1', 0, 0, NULL, '2500', '11000', '13-11-2025', '', '', NULL, '1'),
(3596, 'B', '4596', 4596, '1', '1', '', '3596', '1', '', '1', 0, 0, NULL, '2800', '11500', '13-11-2025', '', '', NULL, '1'),
(3597, 'B', '4597', 4597, '1', '1', '', '3597', '1', '', '1', 0, 0, NULL, '1800', '8900', '13-11-2025', '', '', NULL, '1'),
(3598, 'B', '4598', 4598, '1', '1', '', '3598', '1', '', '1', 0, 0, NULL, '1500', '7900', '13-11-2025', '', '', NULL, '1'),
(3599, 'B', '4599', 4599, '1', '1', '', '3599', '1', '', '1', 0, 0, NULL, '5400', '22500', '13-11-2025', '', '', NULL, '1'),
(3600, 'B', '4600', 4600, '1', '1', '', '3600', '1', '', '1', 0, 0, NULL, '8000', '32000', '13-11-2025', '', '', NULL, '1'),
(3601, 'B', '4601', 4601, '1', '1', '', '3601', '1', '', '1', 0, 0, NULL, '7400', '29500', '13-11-2025', '', '', NULL, '1'),
(3602, 'B', '4602', 4602, '1', '1', '', '3602', '1', '', '1', 0, 0, NULL, '14200', '56700', '13-11-2025', '', '', NULL, '1'),
(3603, 'B', '4603', 4603, '1', '1', '', '3603', '1', '', '1', 0, 0, NULL, '7700', '32500', '13-11-2025', '', '', NULL, '1'),
(3604, 'B', '4604', 4604, '1', '1', '', '3604', '1', '', '1', 0, 0, NULL, '6000', '24500', '13-11-2025', '', '', NULL, '1'),
(3605, 'B', '4605', 4605, '1', '1', '', '3605', '1', '', '1', 0, 0, NULL, '7800', '34500', '13-11-2025', '', '', NULL, '1'),
(3606, 'B', '4606', 4606, '1', '1', '', '3606', '1', '', '1', 0, 0, NULL, '4550', '18500', '13-11-2025', '', '', NULL, '1'),
(3607, 'B', '4607', 4607, '1', '1', '', '3607', '1', '', '1', 0, 0, NULL, '4700', '21150', '13-11-2025', '', '', NULL, '1'),
(3608, 'B', '4608', 4608, '1', '2', '', '3608', '1', '', '1', 0, 0, NULL, '3750', '16875', '13-11-2025', '', '', NULL, '2'),
(3609, 'B', '4609', 4609, '1', '2', '', '3609', '1', '', '1', 0, 0, NULL, '2200', '9900', '13-11-2025', '', '', NULL, '2'),
(3610, 'B', '4610', 4610, '1', '1', '', '3610', '1', '', '1', 0, 0, NULL, '5000', '22500', '13-11-2025', '', '', NULL, '1'),
(3611, 'B', '4611', 4611, '1', '1', '', '3611', '1', '', '1', 0, 0, NULL, '7400', '33300', '13-11-2025', '', '', NULL, '1'),
(3612, 'B', '4612', 4612, '1', '2', '', '3612', '1', '', '1', 0, 0, NULL, '3500', '15750', '13-11-2025', '', '', NULL, '2'),
(3613, 'B', '4613', 4613, '1', '1', '', '3613', '1', '', '1', 0, 0, NULL, '3500', '15750', '13-11-2025', '', '', NULL, '1'),
(3614, 'B', '4614', 4614, '1', '1', '', '3614', '1', '', '1', 0, 0, NULL, '4500', '20250', '13-11-2025', '', '', NULL, '1'),
(3615, 'B', '4615', 4615, '1', '2', '', '3615', '1', '', '1', 0, 0, NULL, '3250', '14500', '13-11-2025', '', '', NULL, '2'),
(3616, 'B', '4616', 4616, '1', '1', '', '3616', '1', '', '1', 0, 0, NULL, '2940', '13230', '13-11-2025', '', '', NULL, '1'),
(3617, 'B', '4617', 4617, '1', '1', '', '3617', '1', '', '1', 0, 0, NULL, '2000', '9000', '13-11-2025', '', '', NULL, '1'),
(3618, 'B', '4618', 4618, '1', '1', '', '3618', '1', '', '1', 0, 0, NULL, '2900', '13050', '13-11-2025', '', '', NULL, '1'),
(3619, 'B', '4619', 4619, '1', '1', '', '3619', '1', '', '1', 0, 0, NULL, '9500', '42750', '13-11-2025', '', '', NULL, '1'),
(3620, 'B', '4620', 4620, '1', '1', '', '3620', '1', '', '1', 0, 0, NULL, '5950', '27500', '13-11-2025', '', '', NULL, '1'),
(3621, 'B', '4621', 4621, '1', '1', '', '3621', '1', '', '1', 0, 0, NULL, '3150', '15500', '13-11-2025', '', '', NULL, '1'),
(3622, 'B', '4622', 4622, '1', '1', '', '3622', '1', '', '1', 0, 0, NULL, '2900', '13050', '13-11-2025', '', '', NULL, '1'),
(3623, 'B', '4623', 4623, '1', '1', '', '3623', '1', '', '1', 0, 0, NULL, '10000', '37500', '13-11-2025', '', '', NULL, '1'),
(3624, 'B', '4624', 4624, '1', '2', '', '3624', '1', '', '1', 0, 0, NULL, '3500', '13750', '13-11-2025', '', '', NULL, '2'),
(3625, 'B', '4625', 4625, '1', '2', '', '3625', '1', '', '1', 0, 0, NULL, '3500', '16500', '13-11-2025', '', '', NULL, '2'),
(3626, 'B', '4626', 4626, '1', '1', '', '3626', '1', '', '1', 0, 0, NULL, '4700', '21150', '13-11-2025', '', '', NULL, '1'),
(3627, 'B', '4627', 4627, '1', '2', '', '3627', '1', '', '1', 0, 0, NULL, '2000', '8500', '13-11-2025', '', '', NULL, '2'),
(3628, 'B', '4628', 4628, '1', '1', '', '3628', '1', '', '1', 0, 0, NULL, '3250', '14500', '13-11-2025', '', '', NULL, '1'),
(3629, 'B', '4629', 4629, '1', '1', '', '3629', '1', '', '1', 0, 0, NULL, '5200', '22500', '13-11-2025', '', '', NULL, '1'),
(3630, 'B', '4630', 4630, '1', '1', '', '3630', '1', '', '1', 0, 0, NULL, '3660', '15250', '13-11-2025', '', '', NULL, '1'),
(3631, 'B', '4631', 4631, '1', '1', '', '3631', '1', '', '1', 0, 0, NULL, '9600', '38900', '13-11-2025', '', '', NULL, '1'),
(3632, 'B', '4632', 4632, '1', '1', '', '3632', '1', '', '1', 0, 0, NULL, '5200', '23500', '13-11-2025', '', '', NULL, '1'),
(3633, 'B', '4633', 4633, '1', '1', '', '3633', '1', '', '1', 0, 0, NULL, '4500', '22500', '13-11-2025', '', '', NULL, '1'),
(3634, 'B', '4634', 4634, '1', '1', '', '3634', '1', '', '1', 0, 0, NULL, '7400', '29900', '13-11-2025', '', '', NULL, '1'),
(3635, 'B', '4635', 4635, '1', '1', '', '3635', '1', '', '1', 0, 0, NULL, '3900', '16500', '13-11-2025', '', '', NULL, '1'),
(3636, 'B', '4636', 4636, '1', '1', '', '3636', '1', '', '1', 0, 0, NULL, '6000', '25500', '13-11-2025', '', '', NULL, '1'),
(3637, 'B', '4637', 4637, '1', '1', '', '3637', '1', '', '1', 0, 0, NULL, '6100', '25500', '13-11-2025', '', '', NULL, '1'),
(3638, 'B', '4638', 4638, '1', '2', '', '3638', '1', '', '1', 0, 0, NULL, '3500', '14500', '13-11-2025', '', '', NULL, '2'),
(3639, 'B', '4639', 4639, '1', '2', '', '3639', '1', '', '1', 0, 0, NULL, '2500', '12500', '13-11-2025', '', '', NULL, '2'),
(3640, 'B', '4640', 4640, '1', '2', '', '3640', '1', '', '1', 0, 0, NULL, '2000', '9250', '13-11-2025', '', '', NULL, '2'),
(3641, 'B', '4641', 4641, '1', '2', '', '3641', '1', '', '1', 0, 0, NULL, '4000', '19500', '13-11-2025', '', '', NULL, '2'),
(3642, 'B', '4642', 4642, '1', '1', '', '3642', '1', '', '1', 0, 0, NULL, '4900', '19600', '13-11-2025', '', '', NULL, '1'),
(3643, 'B', '4643', 4643, '1', '1', '', '3643', '1', '', '1', 0, 0, NULL, '5200', '21500', '13-11-2025', '', '', NULL, '1'),
(3644, 'B', '4644', 4644, '1', '1', '', '3644', '1', '', '1', 0, 0, NULL, '20660', '65000', '13-11-2025', '', '', NULL, '1'),
(3645, 'B', '4645', 4645, '1', '2', '', '3645', '1', '', '1', 0, 0, NULL, '1800', '9500', '13-11-2025', '', '', NULL, '2'),
(3646, 'B', '4646', 4646, '1', '2', '', '3646', '1', '', '1', 0, 0, NULL, '1400', '7900', '13-11-2025', '', '', NULL, '2'),
(3647, 'B', '4647', 4647, '1', '2', '', '3647', '1', '', '1', 0, 0, NULL, '4000', '18500', '13-11-2025', '', '', NULL, '2'),
(3648, 'B', '4648', 4648, '1', '1', '', '3648', '1', '', '1', 0, 0, NULL, '16000', '59500', '13-11-2025', '', '', NULL, '1'),
(3649, 'B', '4649', 4649, '1', '2', '', '3649', '1', '', '1', 0, 0, NULL, '1800', '8900', '13-11-2025', '', '', NULL, '2'),
(3650, 'B', '4650', 4650, '1', '1', '', '3650', '1', '', '1', 0, 0, NULL, '6350', '26500', '13-11-2025', '', '', NULL, '1'),
(3651, 'B', '4651', 4651, '1', '2', '', '3651', '1', '', '1', 0, 0, NULL, '4100', '21500', '13-11-2025', '', '', NULL, '2'),
(3652, 'B', '4652', 4652, '1', '1', '', '3652', '1', '', '1', 0, 0, NULL, '14480', '47500', '13-11-2025', '', '', NULL, '1'),
(3653, 'B', '4653', 4653, '1', '1', '', '3653', '1', '', '1', 0, 0, NULL, '18700', '65000', '13-11-2025', '', '', NULL, '1'),
(3654, 'B', '4654', 4654, '1', '2', '', '3654', '1', '', '1', 0, 0, NULL, '1800', '8900', '13-11-2025', '', '', NULL, '2'),
(3655, 'B', '4655', 4655, '1', '2', '', '3655', '1', '', '1', 0, 0, NULL, '1900', '9500', '13-11-2025', '', '', NULL, '2'),
(3656, 'B', '4656', 4656, '1', '1', '', '3656', '1', '', '1', 0, 0, NULL, '4800', '21600', '13-11-2025', '', '', NULL, '1'),
(3657, 'B', '4657', 4657, '1', '1', '', '3657', '1', '', '1', 0, 0, NULL, '6500', '29250', '13-11-2025', '', '', NULL, '1'),
(3658, 'B', '4658', 4658, '1', '1', '', '3658', '1', '', '1', 0, 0, NULL, '5800', '26100', '13-11-2025', '', '', NULL, '1'),
(3659, 'B', '4659', 4659, '1', '1', '', '3659', '1', '', '1', 0, 0, NULL, '6695', '29500', '13-11-2025', '', '', NULL, '1'),
(3660, 'B', '4660', 4660, '1', '1', '', '3660', '1', '', '1', 0, 0, NULL, '4875', '19500', '13-11-2025', '', '', NULL, '1'),
(3661, 'B', '4661', 4661, '1', '1', '', '3661', '1', '', '1', 0, 0, NULL, '5070', '21500', '13-11-2025', '', '', NULL, '1'),
(3662, 'B', '4662', 4662, '1', '1', '', '3662', '1', '', '1', 0, 0, NULL, '3055', '13750', '13-11-2025', '', '', NULL, '1'),
(3663, 'B', '4663', 4663, '1', '1', '', '3663', '1', '', '1', 0, 0, NULL, '6300', '28350', '13-11-2025', '', '', NULL, '1'),
(3664, 'B', '4664', 4664, '1', '1', '', '3664', '1', '', '1', 0, 0, NULL, '6300', '28350', '13-11-2025', '', '', NULL, '1'),
(3665, 'B', '4665', 4665, '1', '5', '', '3665', '1', '', '1', 0, 0, NULL, '2210', '8900', '13-11-2025', '', '', NULL, '2'),
(3666, 'B', '4666', 4666, '1', '5', '', '3666', '1', '', '1', 0, 0, NULL, '4940', '19500', '13-11-2025', '', '', NULL, '2'),
(3667, 'B', '4667', 4667, '1', '5', '', '3667', '1', '', '1', 0, 0, NULL, '4550', '18500', '13-11-2025', '', '', NULL, '2'),
(3668, 'B', '4668', 4668, '1', '5', '', '3668', '1', '', '1', 0, 0, NULL, '1170', '5500', '13-11-2025', '', '', NULL, '2'),
(3669, 'B', '4669', 4669, '1', '5', '', '3669', '1', '', '1', 0, 0, NULL, '2210', '8900', '13-11-2025', '', '', NULL, '2'),
(3670, 'B', '4670', 4670, '1', '5', '', '3670', '1', '', '1', 0, 0, NULL, '1885', '8500', '13-11-2025', '', '', NULL, '2'),
(3671, 'B', '4671', 4671, '1', '18', '', '3671', '1', '', '1', 0, 0, NULL, '475', '2250', '13-11-2025', '', '', NULL, '4'),
(3672, 'B', '4672', 4672, '1', '5', '', '3672', '1', '', '1', 0, 0, NULL, '800', '4250', '13-11-2025', '', '', NULL, '2');
INSERT INTO `stock_details` (`id`, `stock_type`, `pcode`, `pbarcode`, `pbrand`, `category`, `scategory`, `pdesc`, `psize`, `pcolor`, `hsn_id`, `qty`, `order_qty`, `mrp`, `cp`, `sp`, `s_date`, `batch`, `client_code`, `date_modified`, `unit`) VALUES
(3673, 'B', '4673', 4673, '1', '18', '', '3673', '1', '', '1', 0, 0, NULL, '1460', '6600', '13-11-2025', '', '', NULL, '4'),
(3674, 'B', '4674', 4674, '1', '18', '', '3674', '1', '', '1', 0, 0, NULL, '2360', '10900', '13-11-2025', '', '', NULL, '4'),
(3675, 'B', '4675', 4675, '1', '18', '', '3675', '1', '', '1', 0, 0, NULL, '4300', '19350', '13-11-2025', '', '', NULL, '4'),
(3676, 'B', '4676', 4676, '1', '18', '', '3676', '1', '', '1', 0, 0, NULL, '4100', '16500', '13-11-2025', '', '', NULL, '4'),
(3677, 'B', '4677', 4677, '1', '18', '', '3677', '1', '', '1', 0, 0, NULL, '2700', '12150', '13-11-2025', '', '', NULL, '4'),
(3678, 'B', '4678', 4678, '1', '18', '', '3678', '1', '', '1', 0, 0, NULL, '1140', '5900', '13-11-2025', '', '', NULL, '4'),
(3679, 'B', '4679', 4679, '1', '18', '', '3679', '1', '', '1', 0, 0, NULL, '2700', '12150', '13-11-2025', '', '', NULL, '4'),
(3680, 'B', '4680', 4680, '1', '18', '', '3680', '1', '', '1', 0, 0, NULL, '1480', '6660', '13-11-2025', '', '', NULL, '4'),
(3681, 'B', '4681', 4681, '1', '18', '', '3681', '1', '', '1', 0, 0, NULL, '2190', '9855', '13-11-2025', '', '', NULL, '4'),
(3682, 'B', '4682', 4682, '1', '5', '', '3682', '1', '', '1', 0, 0, NULL, '800', '4250', '13-11-2025', '', '', NULL, '2'),
(3683, 'B', '4683', 4683, '1', '5', '', '3683', '1', '', '1', 0, 0, NULL, '800', '4250', '13-11-2025', '', '', NULL, '2'),
(3684, 'B', '4684', 4684, '1', '18', '', '3684', '1', '', '1', 0, 0, NULL, '4700', '18900', '13-11-2025', '', '', NULL, '4'),
(3685, 'B', '4685', 4685, '1', '3', '', '3685', '1', '', '1', 0, 0, NULL, '1000', '5500', '13-11-2025', '', '', NULL, '3'),
(3686, 'B', '4686', 4686, '1', '3', '', '3686', '1', '', '1', 0, 0, NULL, '3100', '12000', '13-11-2025', '', '', NULL, '3'),
(3687, 'B', '4687', 4687, '1', '3', '', '3687', '1', '', '1', 0, 0, NULL, '2300', '9500', '13-11-2025', '', '', NULL, '3'),
(3688, 'B', '4688', 4688, '1', '3', '', '3688', '1', '', '1', 0, 0, NULL, '2300', '9500', '13-11-2025', '', '', NULL, '3'),
(3689, 'B', '4689', 4689, '1', '3', '', '3689', '1', '', '1', 0, 0, NULL, '2300', '9500', '13-11-2025', '', '', NULL, '3'),
(3690, 'B', '4690', 4690, '1', '3', '', '3690', '1', '', '1', 0, 0, NULL, '1000', '5500', '13-11-2025', '', '', NULL, '3'),
(3691, 'B', '4691', 4691, '1', '3', '', '3691', '1', '', '1', 0, 0, NULL, '2600', '11500', '13-11-2025', '', '', NULL, '3'),
(3692, 'B', '4692', 4692, '1', '3', '', '3692', '1', '', '1', 0, 0, NULL, '2650', '11500', '13-11-2025', '', '', NULL, '3'),
(3693, 'B', '4693', 4693, '1', '3', '', '3693', '1', '', '1', 0, 0, NULL, '1495', '6500', '13-11-2025', '', '', NULL, '3'),
(3694, 'B', '4694', 4694, '1', '3', '', '3694', '1', '', '1', 0, 0, NULL, '1170', '5250', '13-11-2025', '', '', NULL, '3'),
(3695, 'B', '4695', 4695, '1', '3', '', '3695', '1', '', '1', 0, 0, NULL, '1400', '6300', '13-11-2025', '', '', NULL, '3'),
(3696, 'B', '4696', 4696, '1', '3', '', '3696', '1', '', '1', 0, 0, NULL, '2150', '9250', '13-11-2025', '', '', NULL, '3'),
(3697, 'B', '4697', 4697, '1', '3', '', '3697', '1', '', '1', 0, 0, NULL, '2000', '8000', '13-11-2025', '', '', NULL, '3'),
(3698, 'B', '4698', 4698, '1', '6', '', '3698', '1', '', '1', 0, 0, NULL, '550', '2750', '13-11-2025', '', '', NULL, '2'),
(3699, 'B', '4699', 4699, '1', '6', '', '3699', '1', '', '1', 0, 0, NULL, '570', '2900', '13-11-2025', '', '', NULL, '2'),
(3700, 'B', '4700', 4700, '1', '6', '', '3700', '1', '', '1', 0, 0, NULL, '400', '2100', '13-11-2025', '', '', NULL, '2'),
(3701, 'B', '4701', 4701, '1', '6', '', '3701', '1', '', '1', 0, 0, NULL, '1020', '4590', '13-11-2025', '', '', NULL, '2'),
(3702, 'B', '4702', 4702, '1', '6', '', '3702', '1', '', '1', 0, 0, NULL, '785', '3750', '13-11-2025', '', '', NULL, '2'),
(3703, 'B', '4703', 4703, '1', '6', '', '3703', '1', '', '1', 0, 0, NULL, '785', '3750', '13-11-2025', '', '', NULL, '2'),
(3704, 'B', '4704', 4704, '1', '6', '', '3704', '1', '', '1', 0, 0, NULL, '450', '2250', '13-11-2025', '', '', NULL, '2'),
(3705, 'B', '4705', 4705, '1', '6', '', '3705', '1', '', '1', 0, 0, NULL, '420', '1900', '13-11-2025', '', '', NULL, '2'),
(3706, 'B', '4706', 4706, '1', '6', '', '3706', '1', '', '1', 0, 0, NULL, '510', '2350', '13-11-2025', '', '', NULL, '2'),
(3707, 'B', '4707', 4707, '1', '6', '', '3707', '1', '', '1', 0, 0, NULL, '450', '2250', '13-11-2025', '', '', NULL, '2'),
(3708, 'B', '4708', 4708, '1', '4', '', '3708', '1', '', '1', 0, 0, NULL, '2000', '9000', '13-11-2025', '', '', NULL, '2'),
(3709, 'B', '4709', 4709, '1', '1', '', '3709', '1', '', '1', 0, 0, NULL, '8200', '36900', '13-11-2025', '', '', NULL, '1'),
(3710, 'B', '4710', 4710, '1', '24', '', '3710', '1', '', '1', 0, 0, NULL, '', '21600', '19-11-2025', '', '', NULL, '2'),
(3711, 'B', '4711', 4711, '1', '18', '', '3711', '1', '', '1', 0, 0, NULL, '', '14750', '19-11-2025', '', '', NULL, '2'),
(3712, 'B', '4712', 4712, '1', '18', '', '3712', '1', '', '1', 0, 0, NULL, '', '14750', '19-11-2025', '', '', NULL, '2'),
(3713, 'B', '4713', 4713, '1', '18', '', '3713', '1', '', '1', 0, 0, NULL, '', '15500', '19-11-2025', '', '', NULL, '2'),
(3714, 'B', '4714', 4714, '1', '18', '', '3714', '1', '', '1', 0, 0, NULL, '', '14900', '19-11-2025', '', '', NULL, '2'),
(3715, 'B', '4715', 4715, '1', '14', '', '3715', '1', '', '1', 0, 0, NULL, '', '2850', '19-11-2025', '', '', NULL, '3'),
(3716, 'B', '4716', 4716, '1', '13', '', '3716', '1', '', '1', 0, 0, NULL, '', '10500', '19-11-2025', '', '', NULL, '1'),
(3717, 'B', '4717', 4717, '1', '24', '', '3717', '1', '', '1', 0, 0, NULL, '', '28500', '19-11-2025', '', '', NULL, '2'),
(3718, 'B', '4718', 4718, '1', '24', '', '3718', '1', '', '1', 0, 0, NULL, '', '28500', '19-11-2025', '', '', NULL, '2'),
(3719, 'B', '4719', 4719, '1', '14', '', '3719', '1', '', '1', 0, 0, NULL, '', '5250', '19-11-2025', '', '', NULL, '3'),
(3720, 'B', '4720', 4720, '1', '14', '', '3720', '1', '', '1', 0, 0, NULL, '', '15500', '19-11-2025', '', '', NULL, '3'),
(3721, 'B', '4721', 4721, '1', '6', '', '3721', '1', '', '1', 0, 0, NULL, '', '2450', '19-11-2025', '', '', NULL, '2'),
(3722, 'B', '4722', 4722, '1', '14', '', '3722', '1', '', '1', 0, 0, NULL, '', '6750', '19-11-2025', '', '', NULL, '3'),
(3723, 'B', '4723', 4723, '1', '18', '', '3723', '1', '', '1', 0, 0, NULL, '', '14900', '19-11-2025', '', '', NULL, '2'),
(3724, 'B', '4724', 4724, '1', '6', '', '3724', '1', '', '1', 0, 0, NULL, '', '3250', '19-11-2025', '', '', NULL, '2'),
(3725, 'B', '4725', 4725, '1', '18', '', '3725', '1', '', '1', 0, 0, NULL, '', '9900', '19-11-2025', '', '', NULL, '2'),
(3726, 'B', '4726', 4726, '1', '18', '', '3726', '1', '', '1', 0, 0, NULL, '', '10500', '19-11-2025', '', '', NULL, '2'),
(3727, 'B', '4727', 4727, '1', '6', '', '3727', '1', '', '1', 0, 0, NULL, '', '3550', '19-11-2025', '', '', NULL, '2'),
(3728, 'B', '4728', 4728, '1', '6', '', '3728', '1', '', '1', 0, 0, NULL, '', '4250', '19-11-2025', '', '', NULL, '2'),
(3729, 'B', '4729', 4729, '1', '6', '', '3729', '1', '', '1', 0, 0, NULL, '', '3900', '19-11-2025', '', '', NULL, '2'),
(3730, 'B', '4730', 4730, '1', '14', '', '3730', '1', '', '1', 0, 0, NULL, '', '6250', '19-11-2025', '', '', NULL, '3'),
(3731, 'B', '4731', 4731, '1', '6', '', '3731', '1', '', '1', 0, 0, NULL, '', '3200', '19-11-2025', '', '', NULL, '2'),
(3732, 'B', '4732', 4732, '1', '14', '', '3732', '1', '', '1', 0, 0, NULL, '', '3450', '19-11-2025', '', '', NULL, '3'),
(3733, 'B', '4733', 4733, '1', '6', '', '3733', '1', '', '1', 0, 0, NULL, '', '5550', '19-11-2025', '', '', NULL, '2'),
(3734, 'B', '4734', 4734, '1', '6', '', '3734', '1', '', '1', 0, 0, NULL, '', '6250', '19-11-2025', '', '', NULL, '2'),
(3735, 'B', '4735', 4735, '1', '6', '', '3735', '1', '', '1', 0, 0, NULL, '', '3550', '19-11-2025', '', '', NULL, '2'),
(3736, 'B', '4736', 4736, '1', '14', '', '3736', '1', '', '1', 0, 0, NULL, '', '5250', '19-11-2025', '', '', NULL, '3'),
(3737, 'B', '4737', 4737, '1', '6', '', '3737', '1', '', '1', 0, 0, NULL, '', '3450', '19-11-2025', '', '', NULL, '2'),
(3738, 'B', '4738', 4738, '1', '14', '', '3738', '1', '', '1', 0, 0, NULL, '', '6500', '19-11-2025', '', '', NULL, '3'),
(3739, 'B', '4739', 4739, '1', '14', '', '3739', '1', '', '1', 0, 0, NULL, '', '6500', '19-11-2025', '', '', NULL, '3'),
(3740, 'B', '4740', 4740, '1', '14', '', '3740', '1', '', '1', 0, 0, NULL, '', '6750', '19-11-2025', '', '', NULL, '3'),
(3741, 'B', '4741', 4741, '1', '6', '', '3741', '1', '', '1', 0, 0, NULL, '', '7250', '19-11-2025', '', '', NULL, '2'),
(3742, 'B', '4742', 4742, '1', '2', '', '3742', '1', '', '1', 0, 0, NULL, '', '15500', '19-11-2025', '', '', NULL, '2'),
(3743, 'B', '4743', 4743, '1', '2', '', '3743', '1', '', '1', 0, 0, NULL, '', '9500', '19-11-2025', '', '', NULL, '2'),
(3744, 'B', '4744', 4744, '1', '14', '', '3744', '1', '', '1', 0, 0, NULL, '', '12500', '19-11-2025', '', '', NULL, '3'),
(3745, 'B', '4745', 4745, '1', '14', '', '3745', '1', '', '1', 0, 0, NULL, '', '12500', '19-11-2025', '', '', NULL, '3'),
(3746, 'B', '4746', 4746, '1', '2', '', '3746', '1', '', '1', 0, 0, NULL, '', '16500', '19-11-2025', '', '', NULL, '2'),
(3747, 'B', '4747', 4747, '1', '2', '', '3747', '1', '', '1', 0, 0, NULL, '', '12500', '19-11-2025', '', '', NULL, '2'),
(3748, 'B', '4748', 4748, '1', '23', NULL, '3748', '1', '', '1', 0, 0, NULL, '0', '8000', '22-11-2025', NULL, NULL, NULL, '2'),
(3749, 'B', '4749', 4749, '1', '5', '', '3749', '1', '', '1', 0, 0, NULL, '1275', '5100', '22-11-2025', '', '', NULL, '2'),
(3750, 'B', '4750', 4750, '1', '5', '', '3750', '1', '', '1', 0, 0, NULL, '1300', '5200', '22-11-2025', '', '', NULL, '2'),
(3751, 'B', '4751', 4751, '1', '14', '', '3751', '1', '', '1', 0, 0, NULL, '1950', '7800', '22-11-2025', '', '', NULL, '3'),
(3752, 'B', '4752', 4752, '1', '14', '', '3752', '1', '', '1', 0, 0, NULL, '875', '3500', '22-11-2025', '', '', NULL, '3'),
(3753, 'B', '4753', 4753, '1', '5', '', '3753', '1', '', '1', 0, 0, NULL, '1125', '4500', '22-11-2025', '', '', NULL, '2'),
(3754, 'B', '4754', 4754, '1', '5', '', '3754', '1', '', '1', 0, 0, NULL, '1237', '4950', '22-11-2025', '', '', NULL, '2'),
(3755, 'B', '4755', 4755, '1', '5', '', '3755', '1', '', '1', 0, 0, NULL, '600', '2400', '22-11-2025', '', '', NULL, '2'),
(3756, 'B', '4756', 4756, '1', '14', '', '3756', '1', '', '1', 0, 0, NULL, '1312', '5250', '22-11-2025', '', '', NULL, '3'),
(3757, 'B', '4757', 4757, '1', '14', '', '3757', '1', '', '1', 0, 0, NULL, '1975', '7900', '22-11-2025', '', '', NULL, '3'),
(3758, 'B', '4758', 4758, '1', '13', '', '3758', '1', '', '1', 0, 0, NULL, '4562', '18250', '22-11-2025', '', '', NULL, '1'),
(3759, 'B', '4759', 4759, '1', '14', '', '3759', '1', '', '1', 0, 0, NULL, '1625', '6500', '22-11-2025', '', '', NULL, '3'),
(3760, 'B', '4760', 4760, '1', '14', '', '3760', '1', '', '1', 0, 0, NULL, '1375', '5500', '22-11-2025', '', '', NULL, '3'),
(3761, 'B', '4761', 4761, '1', '14', '', '3761', '1', '', '1', 0, 0, NULL, '800', '3200', '22-11-2025', '', '', NULL, '3'),
(3762, 'B', '4762', 4762, '1', '14', '', '3762', '1', '', '1', 0, 0, NULL, '800', '3200', '22-11-2025', '', '', NULL, '3'),
(3763, 'B', '4763', 4763, '1', '14', '', '3763', '1', '', '1', 0, 0, NULL, '975', '3900', '22-11-2025', '', '', NULL, '3'),
(3764, 'B', '4764', 4764, '1', '14', '', '3764', '1', '', '1', 0, 0, NULL, '1950', '7800', '22-11-2025', '', '', NULL, '3'),
(3765, 'B', '4765', 4765, '1', '5', '', '3765', '1', '', '1', 0, 0, NULL, '1275', '5100', '22-11-2025', '', '', NULL, '2'),
(3766, 'B', '4766', 4766, '1', '13', '', '3766', '1', '', '1', 0, 0, NULL, '4875', '19500', '22-11-2025', '', '', NULL, '1'),
(3767, 'B', '4767', 4767, '1', '13', '', '3767', '1', '', '1', 0, 0, NULL, '4875', '19500', '22-11-2025', '', '', NULL, '1'),
(3768, 'B', '4768', 4768, '1', '14', '', '3768', '1', '', '1', 0, 0, NULL, '875', '3500', '22-11-2025', '', '', NULL, '3'),
(3769, 'B', '4769', 4769, '1', '5', '', '3769', '1', '', '1', 0, 0, NULL, '1062', '4250', '22-11-2025', '', '', NULL, '2'),
(3770, 'B', '4770', 4770, '1', '14', '', '3770', '1', '', '1', 0, 0, NULL, '1150', '4600', '22-11-2025', '', '', NULL, '3'),
(3771, 'B', '4771', 4771, '1', '14', '', '3771', '1', '', '1', 0, 0, NULL, '1187', '4750', '22-11-2025', '', '', NULL, '3'),
(3772, 'B', '4772', 4772, '1', '13', '', '3772', '1', '', '1', 0, 0, NULL, '5375', '21500', '22-11-2025', '', '', NULL, '1'),
(3773, 'B', '4773', 4773, '1', '13', '', '3773', '1', '', '1', 0, 0, NULL, '6625', '26500', '22-11-2025', '', '', NULL, '1'),
(3774, 'B', '4774', 4774, '1', '6', '', '3774', '1', '', '1', 0, 0, NULL, '800', '3200', '22-11-2025', '', '', NULL, '2'),
(3775, 'B', '4775', 4775, '1', '6', '', '3775', '1', '', '1', 0, 0, NULL, '800', '3200', '22-11-2025', '', '', NULL, '2'),
(3776, 'B', '4776', 4776, '1', '6', '', '3776', '1', '', '1', 0, 0, NULL, '800', '3200', '22-11-2025', '', '', NULL, '2'),
(3777, 'B', '4777', 4777, '1', '14', '', '3777', '1', '', '1', 0, 0, NULL, '1312', '5250', '22-11-2025', '', '', NULL, '3'),
(3778, 'B', '4778', 4778, '1', '5', '', '3778', '1', '', '1', 0, 0, NULL, '1625', '6500', '22-11-2025', '', '', NULL, '2'),
(3779, 'B', '4779', 4779, '1', '13', '', '3779', '1', '', '1', 0, 0, NULL, '4875', '19500', '22-11-2025', '', '', NULL, '1'),
(3780, 'B', '4780', 4780, '1', '13', '', '3780', '1', '', '1', 0, 0, NULL, '4300', '17200', '22-11-2025', '', '', NULL, '1'),
(3781, 'B', '4781', 4781, '1', '14', '', '3781', '1', '', '1', 0, 0, NULL, '800', '3200', '22-11-2025', '', '', NULL, '3'),
(3782, 'B', '4782', 4782, '1', '5', '', '3782', '1', '', '1', 0, 0, NULL, '1450', '5800', '22-11-2025', '', '', NULL, '2'),
(3783, 'B', '4783', 4783, '1', '5', '', '3783', '1', '', '1', 0, 0, NULL, '1862', '7450', '22-11-2025', '', '', NULL, '2'),
(3784, 'B', '4784', 4784, '1', '5', '', '3784', '1', '', '1', 0, 0, NULL, '1300', '5200', '22-11-2025', '', '', NULL, '2'),
(3785, 'B', '4785', 4785, '1', '14', '', '3785', '1', '', '1', 0, 0, NULL, '800', '3200', '22-11-2025', '', '', NULL, '3'),
(3786, 'B', '4786', 4786, '1', '5', '', '3786', '1', '', '1', 0, 0, NULL, '1187', '4750', '22-11-2025', '', '', NULL, '2'),
(3787, 'B', '4787', 4787, '1', '6', '', '3787', '1', '', '1', 0, 0, NULL, '862', '3450', '22-11-2025', '', '', NULL, '2'),
(3788, 'B', '4788', 4788, '1', '6', '', '3788', '1', '', '1', 0, 0, NULL, '862', '3450', '22-11-2025', '', '', NULL, '2'),
(3789, 'B', '4789', 4789, '1', '13', '', '3789', '1', '', '1', 0, 0, NULL, '5375', '21500', '22-11-2025', '', '', NULL, '1'),
(3790, 'B', '4790', 4790, '1', '6', '', '3790', '1', '', '1', 0, 0, NULL, '800', '3200', '22-11-2025', '', '', NULL, '2'),
(3791, 'B', '4791', 4791, '1', '5', '', '3791', '1', '', '1', 0, 0, NULL, '1050', '4200', '22-11-2025', '', '', NULL, '2'),
(3792, 'B', '4792', 4792, '1', '13', '', '3792', '1', '', '1', 0, 0, NULL, '4530', '18250', '22-11-2025', '', '', NULL, '1'),
(3793, 'B', '4793', 4793, '1', '5', '', '3793', '1', '', '1', 0, 0, NULL, '1237', '4950', '22-11-2025', '', '', NULL, '2'),
(3794, 'B', '4794', 4794, '1', '5', '', '3794', '1', '', '1', 0, 0, NULL, '1321', '5250', '22-11-2025', '', '', NULL, '2'),
(3795, 'B', '4795', 4795, '1', '14', '', '3795', '1', '', '1', 0, 0, NULL, '1375', '5500', '22-11-2025', '', '', NULL, '3'),
(3796, 'B', '4796', 4796, '1', '6', '', '3796', '1', '', '1', 0, 0, NULL, '800', '3200', '22-11-2025', '', '', NULL, '2'),
(3797, 'B', '4797', 4797, '1', '5', '', '3797', '1', '', '1', 0, 0, NULL, '1275', '5100', '22-11-2025', '', '', NULL, '2'),
(3798, 'B', '4798', 4798, '1', '14', '', '3798', '1', '', '1', 0, 0, NULL, '1437', '5750', '22-11-2025', '', '', NULL, '3'),
(3799, 'B', '4799', 4799, '1', '5', '', '3799', '1', '', '1', 0, 0, NULL, '1200', '4800', '22-11-2025', '', '', NULL, '2'),
(3800, 'B', '4800', 4800, '1', '14', '', '3800', '1', '', '1', 0, 0, NULL, '875', '3500', '22-11-2025', '', '', NULL, '3'),
(3801, 'B', '4801', 4801, '1', '13', '', '3801', '1', '', '1', 0, 0, NULL, '525', '2100', '22-11-2025', '', '', NULL, '1'),
(3802, 'B', '4802', 4802, '1', '14', '', '3802', '1', '', '1', 0, 0, NULL, '1150', '4600', '22-11-2025', '', '', NULL, '3'),
(3803, 'B', '4803', 4803, '1', '13', '', '3803', '1', '', '1', 0, 0, NULL, '6625', '26500', '22-11-2025', '', '', NULL, '1'),
(3804, 'B', '4804', 4804, '1', '13', '', '3804', '1', '', '1', 0, 0, NULL, '5375', '21500', '22-11-2025', '', '', NULL, '1'),
(3805, 'B', '4805', 4805, '1', '5', '', '3805', '1', '', '1', 0, 0, NULL, '1237', '4950', '22-11-2025', '', '', NULL, '2'),
(3806, 'B', '4806', 4806, '1', '14', '', '3806', '1', '', '1', 0, 0, NULL, '1550', '6200', '22-11-2025', '', '', NULL, '3'),
(3807, 'B', '4807', 4807, '1', '5', '', '3807', '1', '', '1', 0, 0, NULL, '15625', '62500', '22-11-2025', '', '', NULL, '2'),
(3808, 'B', '4808', 4808, '1', '14', '', '3808', '1', '', '1', 0, 0, NULL, '800', '3200', '22-11-2025', '', '', NULL, '3'),
(3809, 'B', '4809', 4809, '1', '14', '', '3809', '1', '', '1', 0, 0, NULL, '875', '3500', '22-11-2025', '', '', NULL, '3'),
(3810, 'B', '4810', 4810, '1', '14', '', '3810', '1', '', '1', 0, 0, NULL, '1625', '6500', '22-11-2025', '', '', NULL, '3'),
(3811, 'B', '4811', 4811, '1', '13', '', '3811', '1', '', '1', 0, 0, NULL, '4550', '18200', '22-11-2025', '', '', NULL, '1'),
(3812, 'B', '4812', 4812, '1', '5', '', '3812', '1', '', '1', 0, 0, NULL, '1975', '7900', '22-11-2025', '', '', NULL, '2'),
(3813, 'B', '4813', 4813, '1', '14', '', '3813', '1', '', '1', 0, 0, NULL, '1975', '7900', '22-11-2025', '', '', NULL, '3'),
(3814, 'B', '4814', 4814, '1', '5', '', '3814', '1', '', '1', 0, 0, NULL, '1862', '7450', '22-11-2025', '', '', NULL, '2'),
(3815, 'B', '4815', 4815, '1', '14', '', '3815', '1', '', '1', 0, 0, NULL, '1187', '4750', '22-11-2025', '', '', NULL, '3'),
(3816, 'B', '4816', 4816, '1', '14', '', '3816', '1', '', '1', 0, 0, NULL, '1950', '7800', '22-11-2025', '', '', NULL, '3'),
(3817, 'B', '4817', 4817, '1', '5', '', '3817', '1', '', '1', 0, 0, NULL, '1125', '4500', '22-11-2025', '', '', NULL, '2'),
(3818, 'B', '4818', 4818, '1', '14', '', '3818', '1', '', '1', 0, 0, NULL, '1550', '6200', '22-11-2025', '', '', NULL, '3'),
(3819, 'B', '4819', 4819, '1', '13', '', '3819', '1', '', '1', 0, 0, NULL, '4875', '19500', '22-11-2025', '', '', NULL, '1'),
(3820, 'B', '4820', 4820, '1', '14', '', '3820', '1', '', '1', 0, 0, NULL, '1550', '6200', '22-11-2025', '', '', NULL, '3'),
(3821, 'B', '4821', 4821, '1', '5', '', '3821', '1', '', '1', 0, 0, NULL, '600', '2400', '22-11-2025', '', '', NULL, '2'),
(3822, 'B', '4822', 4822, '1', '13', '', '3822', '1', '', '1', 0, 0, NULL, '4312', '17250', '22-11-2025', '', '', NULL, '1'),
(3823, 'B', '4823', 4823, '1', '5', '', '3823', '1', '', '1', 0, 0, NULL, '1725', '6900', '22-11-2025', '', '', NULL, '2'),
(3824, 'B', '4824', 4824, '1', '5', '', '3824', '1', '', '1', 0, 0, NULL, '1050', '4200', '22-11-2025', '', '', NULL, '2'),
(3825, 'B', '4825', 4825, '1', '14', '', '3825', '1', '', '1', 0, 0, NULL, '800', '3200', '22-11-2025', '', '', NULL, '3'),
(3826, 'B', '4826', 4826, '1', '6', '', '3826', '1', '', '1', 0, 0, NULL, '800', '3200', '22-11-2025', '', '', NULL, '2'),
(3827, 'B', '4827', 4827, '1', '14', '', '3827', '1', '', '1', 0, 0, NULL, '800', '3200', '22-11-2025', '', '', NULL, '3'),
(3828, 'B', '4828', 4828, '1', '14', '', '3828', '1', '', '1', 0, 0, NULL, '1950', '7800', '22-11-2025', '', '', NULL, '3'),
(3829, 'B', '4829', 4829, '1', '5', '', '3829', '1', '', '1', 0, 0, NULL, '1187', '4750', '22-11-2025', '', '', NULL, '2'),
(3830, 'B', '4830', 4830, '1', '6', '', '3830', '1', '', '1', 0, 0, NULL, '862', '3450', '22-11-2025', '', '', NULL, '2'),
(3831, 'B', '4831', 4831, '1', '5', '', '3831', '1', '', '1', 0, 0, NULL, '1237', '4950', '22-11-2025', '', '', NULL, '2'),
(3832, 'B', '4832', 4832, '1', '13', '', '3832', '1', '', '1', 0, 0, NULL, '4875', '19500', '22-11-2025', '', '', NULL, '1'),
(3833, 'B', '4833', 4833, '1', '14', '', '3833', '1', '', '1', 0, 0, NULL, '1437', '5750', '22-11-2025', '', '', NULL, '3'),
(3834, 'B', '4834', 4834, '1', '14', '', '3834', '1', '', '1', 0, 0, NULL, '900', '3600', '22-11-2025', '', '', NULL, '3'),
(3835, 'B', '4835', 4835, '1', '14', '', '3835', '1', '', '1', 0, 0, NULL, '612', '2450', '22-11-2025', '', '', NULL, '3'),
(3836, 'B', '4836', 4836, '1', '14', '', '3836', '1', '', '1', 0, 0, NULL, '600', '2400', '22-11-2025', '', '', NULL, '3'),
(3837, 'B', '4837', 4837, '1', '14', '', '3837', '1', '', '1', 0, 0, NULL, '600', '2400', '22-11-2025', '', '', NULL, '3'),
(3838, 'B', '4838', 4838, '1', '14', '', '3838', '1', '', '1', 0, 0, NULL, '800', '3200', '22-11-2025', '', '', NULL, '3'),
(3839, 'B', '4839', 4839, '1', '14', '', '3839', '1', '', '1', 0, 0, NULL, '1637', '6550', '22-11-2025', '', '', NULL, '3'),
(3840, 'B', '4840', 4840, '1', '14', '', '3840', '1', '', '1', 0, 0, NULL, '1125', '4500', '22-11-2025', '', '', NULL, '3'),
(3841, 'B', '4841', 4841, '1', '14', '', '3841', '1', '', '1', 0, 0, NULL, '800', '3200', '22-11-2025', '', '', NULL, '3'),
(3842, 'B', '4842', 4842, '1', '6', '', '3842', '1', '', '1', 0, 0, NULL, '812', '3250', '22-11-2025', '', '', NULL, '2'),
(3843, 'B', '4843', 4843, '1', '6', '', '3843', '1', '', '1', 0, 0, NULL, '812', '3250', '22-11-2025', '', '', NULL, '2'),
(3844, 'B', '4844', 4844, '1', '14', '', '3844', '1', '', '1', 0, 0, NULL, '2450', '9800', '22-11-2025', '', '', NULL, '3'),
(3845, 'B', '4845', 4845, '1', '14', '', '3845', '1', '', '1', 0, 0, NULL, '2450', '9800', '22-11-2025', '', '', NULL, '3'),
(3846, 'B', '4846', 4846, '1', '6', '', '3846', '1', '', '1', 0, 0, NULL, '800', '3200', '22-11-2025', '', '', NULL, '2'),
(3847, 'B', '4847', 4847, '1', '6', '', '3847', '1', '', '1', 0, 0, NULL, '800', '3200', '22-11-2025', '', '', NULL, '2'),
(3848, 'B', '4848', 4848, '1', '6', '', '3848', '1', '', '1', 0, 0, NULL, '800', '3200', '22-11-2025', '', '', NULL, '2'),
(3849, 'B', '4849', 4849, '1', '14', '', '3849', '1', '', '1', 0, 0, NULL, '2437', '9750', '22-11-2025', '', '', NULL, '3'),
(3850, 'B', '4850', 4850, '1', '6', '', '3850', '1', '', '1', 0, 0, NULL, '725', '2900', '22-11-2025', '', '', NULL, '2'),
(3851, 'B', '4851', 4851, '1', '6', '', '3851', '1', '', '1', 0, 0, NULL, '1812', '7250', '22-11-2025', '', '', NULL, '2'),
(3852, 'B', '4852', 4852, '1', '2', '', '3852', '1', '', '1', 0, 0, NULL, '3875', '15500', '22-11-2025', '', '', NULL, '2'),
(3853, 'B', '4853', 4853, '1', '13', '', '3853', '1', '', '1', 0, 0, NULL, '5225', '20900', '22-11-2025', '', '', NULL, '1'),
(3854, 'B', '4854', 4854, '1', '2', '', '3854', '1', '', '1', 0, 0, NULL, '4125', '16500', '22-11-2025', '', '', NULL, '2'),
(3855, 'B', '4855', 4855, '1', '3', '', '3855', '1', '', '1', 0, 0, NULL, '3125', '12500', '22-11-2025', '', '', NULL, '3'),
(3856, 'B', '4856', 4856, '1', '2', '', '3856', '1', '', '1', 0, 0, NULL, '3125', '12500', '22-11-2025', '', '', NULL, '2'),
(3857, 'B', '4857', 4857, '1', '2', '', '3857', '1', '', '1', 0, 0, NULL, '2375', '9500', '22-11-2025', '', '', NULL, '2'),
(3858, 'B', '4858', 4858, '1', '13', '', '3858', '1', '', '1', 0, 0, NULL, '', '', '22-11-2025', '', '', NULL, '1'),
(3859, 'B', '4859', 4859, '1', '18', '', '3859', '1', '', '1', 0, 0, NULL, '6375', '25500', '23-11-2025', '', '', NULL, '2'),
(3860, 'B', '4860', 4860, '1', '18', '', '3860', '1', '', '1', 0, 0, NULL, '1975', '7900', '23-11-2025', '', '', NULL, '2'),
(3861, 'B', '4861', 4861, '1', '13', '', '3861', '1', '', '1', 0, 0, NULL, '2475', '9900', '23-11-2025', '', '', NULL, '1'),
(3862, 'B', '4862', 4862, '1', '13', '', '3862', '1', '', '1', 0, 0, NULL, '3375', '13500', '23-11-2025', '', '', NULL, '1'),
(3863, 'B', '4863', 4863, '1', '3', '', '3863', '1', '', '1', 0, 0, NULL, '813', '3250', '23-11-2025', '', '', NULL, '3'),
(3864, 'B', '4864', 4864, '1', '5', '', '3864', '1', '', '1', 0, 0, NULL, '1050', '4200', '23-11-2025', '', '', NULL, '2'),
(3865, 'B', '4865', 4865, '1', '13', '', '3865', '1', '', '1', 0, 0, NULL, '4875', '19500', '23-11-2025', '', '', NULL, '1'),
(3866, 'B', '4866', 4866, '1', '3', '', '3866', '1', '', '1', 0, 0, NULL, '1375', '5500', '23-11-2025', '', '', NULL, '3'),
(3867, 'B', '4867', 4867, '1', '13', '', '3867', '1', '', '1', 0, 0, NULL, '4875', '19500', '23-11-2025', '', '', NULL, '1'),
(3868, 'B', '4868', 4868, '1', '13', '', '3868', '1', '', '1', 0, 0, NULL, '2725', '10900', '23-11-2025', '', '', NULL, '1'),
(3869, 'B', '4869', 4869, '1', '13', '', '3869', '1', '', '1', 0, 0, NULL, '4875', '19500', '23-11-2025', '', '', NULL, '1'),
(3870, 'B', '4870', 4870, '1', '13', '', '3870', '1', '', '1', 0, 0, NULL, '6875', '27500', '23-11-2025', '', '', NULL, '1'),
(3871, 'B', '4871', 4871, '1', '13', '', '3871', '1', '', '1', 0, 0, NULL, '2063', '8250', '23-11-2025', '', '', NULL, '1'),
(3872, 'B', '4872', 4872, '1', '5', '', '3872', '1', '', '1', 0, 0, NULL, '2875', '11500', '23-11-2025', '', '', NULL, '2'),
(3873, 'B', '4873', 4873, '1', '6', '', '3873', '1', '', '1', 0, 0, NULL, '800', '3200', '23-11-2025', '', '', NULL, '2'),
(3874, 'B', '4874', 4874, '1', '3', '', '3874', '1', '', '1', 0, 0, NULL, '875', '3500', '23-11-2025', '', '', NULL, '3'),
(3875, 'B', '4875', 4875, '1', '3', '', '3875', '1', '', '1', 0, 0, NULL, '725', '2900', '23-11-2025', '', '', NULL, '3'),
(3876, 'B', '4876', 4876, '1', '3', '', '3876', '1', '', '1', 0, 0, NULL, '2313', '9250', '23-11-2025', '', '', NULL, '3'),
(3877, 'B', '4877', 4877, '1', '3', '', '3877', '1', '', '1', 0, 0, NULL, '2225', '8900', '23-11-2025', '', '', NULL, '3'),
(3878, 'B', '4878', 4878, '1', '3', '', '3878', '1', '', '1', 0, 0, NULL, '2225', '8900', '23-11-2025', '', '', NULL, '3'),
(3879, 'B', '4879', 4879, '1', '3', '', '3879', '1', '', '1', 0, 0, NULL, '1813', '7250', '23-11-2025', '', '', NULL, '3'),
(3880, 'B', '4880', 4880, '1', '5', '', '3880', '1', '', '1', 0, 0, NULL, '2750', '11000', '23-11-2025', '', '', NULL, '2'),
(3881, 'B', '4881', 4881, '1', '4', '', '3881', '1', '', '1', 0, 0, NULL, '1225', '4900', '23-11-2025', '', '', NULL, '2'),
(3882, 'B', '4882', 4882, '1', '4', '', '3882', '1', '', '1', 0, 0, NULL, '1063', '4250', '23-11-2025', '', '', NULL, '2'),
(3883, 'B', '4883', 4883, '1', '3', '', '3883', '1', '', '1', 0, 0, NULL, '2975', '11900', '23-11-2025', '', '', NULL, '3'),
(3884, 'B', '4884', 4884, '1', '3', '', '3884', '1', '', '1', 0, 0, NULL, '2975', '11900', '23-11-2025', '', '', NULL, '3'),
(3885, 'B', '4885', 4885, '1', '3', '', '3885', '1', '', '1', 0, 0, NULL, '1475', '5900', '23-11-2025', '', '', NULL, '3'),
(3886, 'B', '4886', 4886, '1', '3', '', '3886', '1', '', '1', 0, 0, NULL, '725', '2900', '23-11-2025', '', '', NULL, '3'),
(3887, 'B', '4887', 4887, '1', '5', '', '3887', '1', '', '1', 0, 0, NULL, '1475', '5900', '23-11-2025', '', '', NULL, '2'),
(3888, 'B', '4888', 4888, '1', '3', '', '3888', '1', '', '1', 0, 0, NULL, '225', '900', '23-11-2025', '', '', NULL, '3'),
(3889, 'B', '4889', 4889, '1', '4', '', '3889', '1', '', '1', 0, 0, NULL, '475', '1900', '23-11-2025', '', '', NULL, '2'),
(3890, 'B', '4890', 4890, '1', '3', '', '3890', '1', '', '1', 0, 0, NULL, '2313', '9250', '23-11-2025', '', '', NULL, '3'),
(3891, 'B', '4891', 4891, '1', '3', '', '3891', '1', '', '1', 0, 0, NULL, '2313', '9250', '23-11-2025', '', '', NULL, '3'),
(3892, 'B', '4892', 4892, '1', '2', '', '3892', '1', '', '1', 0, 0, NULL, '6125', '24500', '23-11-2025', '', '', NULL, '2'),
(3893, 'B', '4893', 4893, '1', '13', '', '3893', '1', '', '1', 0, 0, NULL, '6125', '24500', '23-11-2025', '', '', NULL, '1'),
(3894, 'B', '4894', 4894, '1', '3', '', '3894', '1', '', '1', 0, 0, NULL, '1375', '5500', '23-11-2025', '', '', NULL, '3'),
(3895, 'B', '4895', 4895, '1', '13', '', '3895', '1', '', '1', 0, 0, NULL, '5375', '21500', '23-11-2025', '', '', NULL, '1'),
(3896, 'B', '4896', 4896, '1', '13', '', '3896', '1', '', '1', 0, 0, NULL, '8125', '32500', '27-11-2025', '', '', NULL, '1'),
(3897, 'B', '4897', 4897, '1', '13', '', '3897', '1', '', '1', 0, 0, NULL, '8625', '34500', '27-11-2025', '', '', NULL, '1'),
(3898, 'B', '4898', 4898, '1', '2', '', '3898', '1', '', '1', 0, 0, NULL, '9625', '38500', '27-11-2025', '', '', NULL, '2'),
(3899, 'B', '4899', 4899, '1', '3', '', '3899', '1', '', '1', 0, 0, NULL, '1475', '5900', '27-11-2025', '', '', NULL, '3'),
(3900, 'B', '4900', 4900, '1', '3', '', '3900', '1', '', '1', 0, 0, NULL, '625', '2500', '27-11-2025', '', '', NULL, '3'),
(3901, 'B', '4901', 4901, '1', '2', '', '3901', '1', '', '1', 0, 0, NULL, '9625', '38500', '27-11-2025', '', '', NULL, '2'),
(3902, 'B', '4902', 4902, '1', '2', '', '3902', '1', '', '1', 0, 0, NULL, '2875', '11500', '27-11-2025', '', '', NULL, '2'),
(3903, 'B', '4903', 4903, '1', '2', '', '3903', '1', '', '1', 0, 0, NULL, '10625', '42500', '27-11-2025', '', '', NULL, '2'),
(3904, 'B', '4904', 4904, '1', '13', '', '3904', '1', '', '1', 0, 0, NULL, '4125', '16500', '27-11-2025', '', '', NULL, '1'),
(3905, 'B', '4905', 4905, '1', '3', '', '3905', '1', '', '1', 0, 0, NULL, '3125', '12500', '27-11-2025', '', '', NULL, '3'),
(3906, 'B', '4906', 4906, '1', '3', '', '3906', '1', '', '1', 0, 0, NULL, '1375', '5500', '27-11-2025', '', '', NULL, '3'),
(3907, 'B', '4907', 4907, '1', '3', '', '3907', '1', '', '1', 0, 0, NULL, '3225', '12900', '27-11-2025', '', '', NULL, '3'),
(3908, 'B', '4908', 4908, '1', '2', '', '3908', '1', '', '1', 0, 0, NULL, '4875', '19500', '27-11-2025', '', '', NULL, '2'),
(3909, 'B', '4909', 4909, '1', '3', '', '3909', '1', '', '1', 0, 0, NULL, '3050', '12200', '27-11-2025', '', '', NULL, '3'),
(3910, 'B', '4910', 4910, '1', '13', '', '3910', '1', '', '1', 0, 0, NULL, '2875', '11500', '27-11-2025', '', '', NULL, '1'),
(3911, 'B', '4911', 4911, '1', '3', '', '3911', '1', '', '1', 0, 0, NULL, '2625', '10500', '27-11-2025', '', '', NULL, '3'),
(3912, 'B', '4912', 4912, '1', '2', '', '3912', '1', '', '1', 0, 0, NULL, '2892', '11570', '27-11-2025', '', '', NULL, '2'),
(3913, 'B', '4913', 4913, '1', '13', '', '3913', '1', '', '1', 0, 0, NULL, '5625', '22500', '27-11-2025', '', '', NULL, '1'),
(3914, 'B', '4914', 4914, '1', '2', '', '3914', '1', '', '1', 0, 0, NULL, '5625', '22500', '27-11-2025', '', '', NULL, '2'),
(3915, 'B', '4915', 4915, '1', '13', '', '3915', '1', '', '1', 0, 0, NULL, '4875', '19500', '27-11-2025', '', '', NULL, '1'),
(3916, 'B', '4916', 4916, '1', '3', '', '3916', '1', '', '1', 0, 0, NULL, '1187', '4750', '27-11-2025', '', '', NULL, '3'),
(3917, 'B', '4917', 4917, '1', '13', '', '3917', '1', '', '1', 0, 0, NULL, '13975', '55900', '27-11-2025', '', '', NULL, '1'),
(3918, 'B', '4918', 4918, '1', '3', '', '3918', '1', '', '1', 0, 0, NULL, '1375', '5500', '27-11-2025', '', '', NULL, '3'),
(3919, 'B', '4919', 4919, '1', '13', '', '3919', '1', '', '1', 0, 0, NULL, '8125', '22000', '28-11-2025', '', '', NULL, '1'),
(3920, 'B', '4920', 4920, '1', '13', '', '3920', '1', '', '1', 0, 0, NULL, '8625', '41500', '28-11-2025', '', '', NULL, '1'),
(3921, 'B', '4921', 4921, '1', '2', '', '3921', '1', '', '1', 0, 0, NULL, '375', '1500', '04-12-2025', '', '', NULL, '2'),
(3922, 'B', '4922', 4922, '1', '3', '', '3922', '1', '', '1', 0, 0, NULL, '2062', '8250', '04-12-2025', '', '', NULL, '3'),
(3923, 'B', '4923', 4923, '1', '4', '', '3923', '1', '', '1', 0, 0, NULL, '2225', '8900', '04-12-2025', '', '', NULL, '2'),
(3924, 'B', '4924', 4924, '1', '13', '', '3924', '1', '', '1', 0, 0, NULL, '6875', '27500', '04-12-2025', '', '', NULL, '1'),
(3925, 'B', '4925', 4925, '1', '13', '', '3925', '1', '', '1', 0, 0, NULL, '2750', '11000', '04-12-2025', '', '', NULL, '1'),
(3926, 'B', '4926', 4926, '1', '2', '', '3926', '1', '', '1', 0, 0, NULL, '5375', '21500', '04-12-2025', '', '', NULL, '2'),
(3927, 'B', '4927', 4927, '1', '13', '', '3927', '1', '', '1', 0, 0, NULL, '3125', '12500', '04-12-2025', '', '', NULL, '1'),
(3928, 'B', '4928', 4928, '1', '2', '', '3928', '1', '', '1', 0, 0, NULL, '3875', '15500', '04-12-2025', '', '', NULL, '2'),
(3929, 'B', '4929', 4929, '1', '2', '', '3929', '1', '', '1', 0, 0, NULL, '3125', '12500', '04-12-2025', '', '', NULL, '2'),
(3930, 'B', '4930', 4930, '1', '2', '', '3930', '1', '', '1', 0, 0, NULL, '3625', '14500', '04-12-2025', '', '', NULL, '2'),
(3931, 'B', '4931', 4931, '1', '2', '', '3931', '1', '', '1', 0, 0, NULL, '2375', '9500', '04-12-2025', '', '', NULL, '2'),
(3932, 'B', '4932', 4932, '1', '13', '', '3932', '1', '', '1', 0, 0, NULL, '3625', '14500', '04-12-2025', '', '', NULL, '1'),
(3933, 'B', '4933', 4933, '1', '2', '', '3933', '1', '', '1', 0, 0, NULL, '3125', '12500', '04-12-2025', '', '', NULL, '2'),
(3934, 'B', '4934', 4934, '1', '3', '', '3934', '1', '', '1', 0, 0, NULL, '1312', '5250', '04-12-2025', '', '', NULL, '3'),
(3935, 'B', '4935', 4935, '1', '3', '', '3935', '1', '', '1', 0, 0, NULL, '1312', '5250', '04-12-2025', '', '', NULL, '3'),
(3936, 'B', '4936', 4936, '1', '3', '', '3936', '1', '', '1', 0, 0, NULL, '475', '1900', '04-12-2025', '', '', NULL, '3'),
(3937, 'B', '4937', 4937, '1', '5', '', '3937', '1', '', '1', 0, 0, NULL, '875', '3500', '04-12-2025', '', '', NULL, '2'),
(3938, 'B', '4938', 4938, '1', '3', '', '3938', '1', '', '1', 0, 0, NULL, '1475', '5900', '04-12-2025', '', '', NULL, '3'),
(3939, 'B', '4939', 4939, '1', '3', '', '3939', '1', '', '1', 0, 0, NULL, '812', '3250', '04-12-2025', '', '', NULL, '3'),
(3940, 'B', '4940', 4940, '1', '3', '', '3940', '1', '', '1', 0, 0, NULL, '1312', '5250', '04-12-2025', '', '', NULL, '3'),
(3941, 'B', '4941', 4941, '1', '6', '', '3941', '1', '', '1', 0, 0, NULL, '475', '1900', '04-12-2025', '', '', NULL, '2'),
(3942, 'B', '4942', 4942, '1', '13', '', '3942', '1', '', '1', 0, 0, NULL, '3625', '14500', '04-12-2025', '', '', NULL, '1'),
(3943, 'B', '4943', 4943, '1', '3', '', '3943', '1', '', '1', 0, 0, NULL, '1475', '5900', '04-12-2025', '', '', NULL, '3'),
(3944, 'B', '4944', 4944, '1', '3', '', '3944', '1', '', '1', 0, 0, NULL, '1312', '5250', '04-12-2025', '', '', NULL, '3'),
(3945, 'B', '4945', 4945, '1', '2', '', '3945', '1', '', '1', 0, 0, NULL, '1225', '4900', '04-12-2025', '', '', NULL, '2'),
(3946, 'B', '4946', 4946, '1', '3', '', '3946', '1', '', '1', 0, 0, NULL, '1312', '5250', '04-12-2025', '', '', NULL, '3'),
(3947, 'B', '4947', 4947, '1', '2', '', '3947', '1', '', '1', 0, 0, NULL, '875', '3500', '04-12-2025', '', '', NULL, '2'),
(3948, 'B', '4948', 4948, '1', '3', '', '3948', '1', '', '1', 0, 0, NULL, '1312', '5250', '04-12-2025', '', '', NULL, '3'),
(3949, 'B', '4949', 4949, '1', '3', '', '3949', '1', '', '1', 0, 0, NULL, '1225', '4900', '04-12-2025', '', '', NULL, '3'),
(3950, 'B', '4950', 4950, '1', '3', '', '3950', '1', '', '1', 0, 0, NULL, '1312', '5250', '04-12-2025', '', '', NULL, '3'),
(3951, 'B', '4951', 4951, '1', '3', '', '3951', '1', '', '1', 0, 0, NULL, '1312', '5250', '04-12-2025', '', '', NULL, '3'),
(3952, 'B', '4952', 4952, '1', '3', '', '3952', '1', '', '1', 0, 0, NULL, '1375', '5500', '04-12-2025', '', '', NULL, '3'),
(3953, 'B', '4953', 4953, '1', '3', '', '3953', '1', '', '1', 0, 0, NULL, '1312', '5250', '04-12-2025', '', '', NULL, '3'),
(3954, 'B', '4954', 4954, '1', '2', '', '3954', '1', '', '1', 0, 0, NULL, '2625', '10500', '04-12-2025', '', '', NULL, '2'),
(3955, 'B', '4955', 4955, '1', '5', '', '3955', '1', '', '1', 0, 0, NULL, '1532', '6250', '04-12-2025', '', '', NULL, '2'),
(3956, 'B', '4956', 4956, '1', '4', '', '3956', '1', '', '1', 0, 0, NULL, '475', '1900', '04-12-2025', '', '', NULL, '2'),
(3957, 'B', '4957', 4957, '1', '2', '', '3957', '1', '', '1', 0, 0, NULL, '875', '3500', '04-12-2025', '', '', NULL, '2'),
(3958, 'B', '4958', 4958, '1', '3', '', '3958', '1', '', '1', 0, 0, NULL, '875', '3500', '04-12-2025', '', '', NULL, '3'),
(3959, 'B', '4959', 4959, '1', '3', '', '3959', '1', '', '1', 0, 0, NULL, '1312', '5250', '04-12-2025', '', '', NULL, '3'),
(3960, 'B', '4960', 4960, '1', '3', '', '3960', '1', '', '1', 0, 0, NULL, '3125', '12500', '04-12-2025', '', '', NULL, '3'),
(3961, 'B', '4961', 4961, '1', '13', '', '3961', '1', '', '1', 0, 0, NULL, '2375', '9500', '04-12-2025', '', '', NULL, '1'),
(3962, 'B', '4962', 4962, '1', '13', '', '3962', '1', '', '1', 0, 0, NULL, '2375', '9500', '04-12-2025', '', '', NULL, '1'),
(3963, 'B', '4963', 4963, '1', '13', '', '3963', '1', '', '1', 0, 0, NULL, '2375', '9500', '04-12-2025', '', '', NULL, '1'),
(3964, 'B', '4964', 4964, '1', '3', '', '3964', '1', '', '1', 0, 0, NULL, '3000', '11250', '06-12-2025', '', '', NULL, '3');

-- --------------------------------------------------------

--
-- Table structure for table `sub_category`
--

CREATE TABLE `sub_category` (
  `subcat_id` int NOT NULL,
  `fkcat_id` int NOT NULL,
  `subcat_name` varchar(255) NOT NULL
) ENGINE=InnoDB DEFAULT CHARSET=latin1;

-- --------------------------------------------------------

--
-- Table structure for table `term_of_payment`
--

CREATE TABLE `term_of_payment` (
  `id` int NOT NULL,
  `term_of_payment` text NOT NULL
) ENGINE=InnoDB DEFAULT CHARSET=latin1;

--
-- Dumping data for table `term_of_payment`
--

INSERT INTO `term_of_payment` (`id`, `term_of_payment`) VALUES
(3, 'wewewe1122'),
(4, 'IMMEDIATE'),
(5, 'Return '),
(6, 'confirmed'),
(7, 'BARTER FREE');

-- --------------------------------------------------------

--
-- Table structure for table `unit`
--

CREATE TABLE `unit` (
  `id` int NOT NULL,
  `unit` varchar(255) NOT NULL
) ENGINE=InnoDB DEFAULT CHARSET=latin1;

--
-- Dumping data for table `unit`
--

INSERT INTO `unit` (`id`, `unit`) VALUES
(1, 'SET'),
(2, 'PC'),
(3, 'PAIR'),
(4, ''),
(5, 'PCS	'),
(6, 'SET	');

-- --------------------------------------------------------

--
-- Table structure for table `vat`
--

CREATE TABLE `vat` (
  `id` int NOT NULL,
  `vat_desc` varchar(255) NOT NULL
) ENGINE=InnoDB DEFAULT CHARSET=latin1;

--
-- Dumping data for table `vat`
--

INSERT INTO `vat` (`id`, `vat_desc`) VALUES
(7, 'CGST/SGST'),
(8, 'IGST');

-- --------------------------------------------------------

--
-- Table structure for table `vendordetails`
--

CREATE TABLE `vendordetails` (
  `id` int NOT NULL,
  `companyname` varchar(250) DEFAULT NULL,
  `nick_name` varchar(255) DEFAULT NULL,
  `address` varchar(250) DEFAULT NULL,
  `street2` varchar(255) DEFAULT NULL,
  `street3` varchar(255) DEFAULT NULL,
  `city_id` varchar(255) DEFAULT NULL,
  `state_id` varchar(255) DEFAULT NULL,
  `c_area` varchar(255) DEFAULT NULL,
  `bank_name` varchar(255) DEFAULT NULL,
  `acc_num` varchar(20) DEFAULT NULL,
  `gstin` varchar(16) DEFAULT NULL,
  `phone` varchar(250) DEFAULT NULL,
  `mobile` varchar(250) DEFAULT NULL,
  `sale_open_bal` varchar(255) DEFAULT NULL,
  `pur_open_bal` varchar(255) DEFAULT NULL,
  `email` varchar(255) DEFAULT NULL,
  `dis_per` varchar(255) DEFAULT NULL,
  `dis_type` varchar(255) DEFAULT NULL,
  `credit_limit` varchar(255) DEFAULT NULL,
  `broker_name` varchar(1000) DEFAULT NULL,
  `broker_per` varchar(255) DEFAULT NULL,
  `transport` varchar(255) DEFAULT NULL,
  `tax_type` varchar(255) DEFAULT NULL,
  `category` varchar(250) DEFAULT NULL,
  `security` varchar(255) DEFAULT NULL,
  `website` varchar(255) DEFAULT NULL,
  `concern_person` varchar(255) DEFAULT NULL,
  `client_code` varchar(255) DEFAULT NULL,
  `deals_in` varchar(255) DEFAULT NULL,
  `fax_no` varchar(255) DEFAULT NULL,
  `min_order_days` varchar(11) DEFAULT NULL,
  `due_days` varchar(11) DEFAULT NULL,
  `branch_add` varchar(1000) DEFAULT NULL,
  `acc_type` varchar(255) DEFAULT NULL,
  `acc_name` varchar(255) DEFAULT NULL,
  `ifsc_code` varchar(255) DEFAULT NULL,
  `bnick_name` varchar(255) DEFAULT NULL,
  `vendor_type` varchar(255) DEFAULT NULL,
  `fssai` varchar(20) DEFAULT NULL,
  `date_added` varchar(20) DEFAULT NULL,
  `pan_no` varchar(100) DEFAULT NULL
) ENGINE=InnoDB DEFAULT CHARSET=latin1;

--
-- Dumping data for table `vendordetails`
--

INSERT INTO `vendordetails` (`id`, `companyname`, `nick_name`, `address`, `street2`, `street3`, `city_id`, `state_id`, `c_area`, `bank_name`, `acc_num`, `gstin`, `phone`, `mobile`, `sale_open_bal`, `pur_open_bal`, `email`, `dis_per`, `dis_type`, `credit_limit`, `broker_name`, `broker_per`, `transport`, `tax_type`, `category`, `security`, `website`, `concern_person`, `client_code`, `deals_in`, `fax_no`, `min_order_days`, `due_days`, `branch_add`, `acc_type`, `acc_name`, `ifsc_code`, `bnick_name`, `vendor_type`, `fssai`, `date_added`, `pan_no`) VALUES
(3, 'JBR MFG', '', '', '', '', '1', '11', '28', '', '', '', '', '', '', '', '', '', '', '', '', '', 'Select Transport', 'CGST/SGST', 'Purchase', 'Normal', '', '', '', '', '', '', '', '', '1', '', '', '', 'Select Vendor Type', '', '30-12-2020', ''),
(4, 'radhika', 'radhs jbr', '46, RATNAJYOT INDUSTRIAL ESTATE, OFF S.V. ROAD, IRLA, VILE PARLE WEST, Mumbai Suburban, Maharashtra, 400056', '', '400056', '1', '11', '28', '', '', '', '', '', '', '', '', '', '', '', '', '', 'Select Transport', 'CGST/SGST', 'Sale', 'Normal', '', 'radhika', '111', 'mfg', '', '', '', '46, RATNAJYOT INDUSTRIAL ESTATE, OFF S.V. ROAD, IRLA, VILE PARLE WEST, Mumbai Suburban, Maharashtra, 400056', '1', '', '', '', 'Select Vendor Type', '', '15-03-2021', ''),
(5, 'JBR ASSOCITE ', 'RADHIKA JBR', '46, RATNAJYOT INDUSTRIAL ESTATE, OFF S.V. ROAD, IRLA, VILE PARLE WEST, Mumbai Suburban, Maharashtra, 400056', '', '', '1', '11', 'Select Area', '', '', '', '', '', '', '', '', '', '', '', '', '', 'Select Transport', 'CGST/SGST', 'Sale', 'Normal', '', 'RADHIKA', '', '', '', '', '', '46, RATNAJYOT INDUSTRIAL ESTATE, OFF S.V. ROAD, IRLA, VILE PARLE WEST, Mumbai Suburban, Maharashtra, 400056', '1', '', '', '', 'Select Vendor Type', '', '15-03-2021', ''),
(6, 'ASSOCIATE', 'RNC', '', '', '', '1', '11', 'Select Area', '', '', '', '', '', '', '', '', '', '', '', '', '', 'Select Transport', 'CGST/SGST', 'Sale', 'Normal', '', 'RADHKA', '', '', '', '', '', '', '1', '', '', '', 'Select Vendor Type', '', '15-03-2021', ''),
(7, 'RNC1', '', '', '', '', '1', '11', 'Select Area', '', '', '', '', '', '', '', '', '', '', '', '', '', 'Select Transport', 'CGST/SGST', 'Sale', 'Normal', '', '', '', '', '', '', '', '', '1', '', '', '', 'Select Vendor Type', '', '15-03-2021', ''),
(8, 'RNC 2', '', '', '', '', '1', '11', 'Select Area', '', '', '', '', '', '', '', '', '', '', '', '', '', 'Select Transport', 'CGST/SGST', 'Sale', 'Normal', '', '', '', '', '', '', '', '', '1', '', '', '', 'Select Vendor Type', '', '15-03-2021', ''),
(9, 'RNC 3', '', '', '', '', '1', '11', 'Select Area', '', '', '', '', '', '', '', '', '', '', '', '', '', 'Select Transport', 'CGST/SGST', 'Sale', 'Normal', '', '', '', '', '', '', '', '', '1', '', '', '', 'Select Vendor Type', '', '15-03-2021', ''),
(10, 'BHAVYA CREATION ', '', 'GANDHI COLONY , CHURU, RAJASTHAN ', '', '', '6', '32', 'Select Area', 'STATE BANK OF INDIA', '37457173129', '08DVMPS6583L1ZG', '9351308825', '8003572222', '', '', '', '', '', '', '', '', 'Select Transport', 'IGST', 'Purchase', 'Normal', '', '', '', 'MIX IMMITATION JEWELLERY ', '', '', '', 'CHURU', '1', 'BHAVYA CREATION', 'SBIN0031138', '', 'Select Vendor Type', '', '07-05-2021', 'DVMPS6583L'),
(11, 'MEET ART', 'M ART', '702 QUANTUM TOWER ,RAMBAUGH LANE OFF S.V.ROAD \r\nMALAD WEST MUMBAI -400064', '', '400064', '1', '11', 'Select Area', 'SHAMRO VITHAL COOP BANK', '104304180000236', '27BZZPS6612M1Z9', '02228823196', '', '', '', '', '', '', '', '', '', 'Select Transport', 'CGST/SGST', 'Purchase', 'Normal', '', '', '', '', '', '', '', 'MALAD MUMBAI', '1', 'MANISH SHAH', 'SVCB0000043', '', 'Select Vendor Type', '', '07-05-2021', 'BZZPS6612M'),
(12, 'ASVI ENTERPRISE', 'ASVI', '7A ARCHANA BUILDING, 97 KISHAN ROAD\r\nMALAD WEST MUMBAI', '', '400064', '1', '11', '21', 'BANK OF BARODA', '04020200001374', '27AACHD8535R1ZO', '', '', '', '', '', '', '', '', '', '', 'Select Transport', 'CGST/SGST', 'Purchase', 'Normal', '', '', '', '', '', '', '', 'MALAD WEST', '1', '', 'BARB0MALADX', '', 'Select Vendor Type', '', '07-05-2021', 'AACHD8535R'),
(13, 'PANORAMA INDUSTRIES', 'PAN IND', 'SHOP NO 2 & 3 PADMA PRABHA SOCIETY NEAR CANARA BANK\r\nBANGUR NAGAR \r\nGOREGAON-WEST MUMBAI', '', '400104', '1', '11', '23', 'UNION BANK OF INDIA', '358201010050802', '27CAXPB9133Q1ZS', '9833772877', '8657268885', '', '', 'info@teacoffeevendingmachine.com', '', '', '', '', '', 'Select Transport', 'CGST/SGST', 'Purchase', 'Normal', '', '', '', '', '', '', '', 'KANDIVALI-WEST', '1', '', 'UBIN0535826', '', 'Select Vendor Type', '', '07-05-2021', 'CAXPB9133Q1ZS'),
(14, 'AKBARALI & SONS', 'AKBARLI', '4  BANIAN ROAD (A.E.ROAD), OPP SAIFI SCHOOL, PYDHONI\r\nMUMBAI', '', '400003', '1', '11', 'Select Area', '', '', '27AWQPS1930D1ZD', '022 66337630', '022 23462584', '', '', 'infoakbarali@gmail.com', '', '', '', '', '', 'Select Transport', 'CGST/SGST', 'Purchase', 'Normal', '', '', '', '', '', '', '', '', '1', '', '', '', 'Select Vendor Type', '', '07-05-2021', 'AQQPS1930D'),
(15, 'RUDRA INC', 'RUDRA INC', 'ROOM NO 6/B FIRST FLOOR, 384K JITENDRA NIWAS\r\nDABHOLKARWADI , KALBADEVI\r\nMUMBAI', '', '', '1', '11', 'Select Area', '', '', '27AABPB3831D1ZE', '', '9820061124', '', '', 'punitsbansal@yahoo.co.in', '', '', '', '', '', 'Select Transport', 'CGST/SGST', 'Purchase', 'Normal', '', '', '', '', '', '', '', '', '1', '', '', '', 'Select Vendor Type', '', '07-05-2021', 'AABPD3831D'),
(16, 'KUNDANKALI JEWELLS PVT LTD', 'KJPL', '41 THATHERWARA \r\nMERRUT  (UTTAR PRADESH)', '', '250002', '7', '37', '0', '', '', '09AADCK5791J1Z0', '', '', '', '', '', '', '', '', '', '', 'Select Transport', 'IGST', 'Purchase', 'Normal', '', '', '', '', '', '', '', '', '1', '', '', '', 'Select Vendor Type', '', '07-05-2021', 'AADCK5791J'),
(17, 'PATIL & SONS JEWELLERS', 'PATILSONS', 'SHOP NO 16 FIRST FLOOR BUILDING NO 103-115\r\nSHAIKH MEMON STREET , ZAVERI BAZAR\r\nMUMBAI', '', '', '1', '11', '102', 'KOTAK MAHINDRA BANK', '', '27AHRPK4256G1Z0', '', '', '', '', 'pramodpatil8579@gmail.com', '', '', '', '', '', 'Select Transport', 'CGST/SGST', 'Purchase', 'Normal', '', '', '', '', '', '', '', 'MUMBAI BANDRA HILL ROAD', '1', '', '', '', 'Select Vendor Type', '', '07-05-2021', 'AZRPK4256G'),
(18, 'IMPES TECHNOLOGY', 'IMPES', '1ST FLOOR SCO-55, SECTOR 16-A\r\nFARIDABAD  HARYANA \r\n', '', '121002', '8', '19', 'Select Area', '', '', '06BXEPA8976R1ZN', '', '', '', '', '', '', '', '', '', '', 'Select Transport', 'IGST', 'Purchase', 'Normal', '', '', '', '', '', '', '', '', '1', '', '', '', 'Select Vendor Type', '', '07-05-2021', 'BXEPA8976R'),
(19, 'BOMBINO EXPRESS', 'BOMBINO', '1 & 2 GROUND FLOOR MAROL PINE LINE\r\nANDHERI KURLA ROAD MUMBAI', '', '400059', '1', '11', '103', 'AXIS BANK LTD', '328010200002646', '27AAACB6311J4ZT', '', '022 66400000', '', '', 'billing@bombinoexp.com', '', '', '', '', '', 'Select Transport', 'CGST/SGST', 'Sale', 'Normal', '', '', '', '', '', '', '', '', '1', '', 'UTIB0000328', '', 'Select Vendor Type', '', '07-05-2021', 'AAACB6311J'),
(20, 'ANTRAWAB TECHNOLOGIES PVT LTD', 'ANTRAWEB', 'STEEL HOUSE WING B 1ST FLOOR, OFF MAHAKALI VAVES ROAD\r\nANDHERI-EAST , MUMBAI-400093', '', '400093', '1', '11', '26', 'DBS BANK', '9AWT76806', '27AAACA9776A1ZP', '', '022 40864086', '', '', 'sales@antraweb.com', '', '', '', '', '', 'Select Transport', 'CGST/SGST', 'Purchase', 'Normal', '', '', '', '', '', '', '', 'FORT', '1', '', 'DBSS0IN0811', '', 'Select Vendor Type', '', '07-05-2021', 'AAACA9776A'),
(21, 'BRIJ DESIGN STUDIO', 'BRIJ', 'D08 PARLE COLONY SAHKAR ROAD\r\nVILE PARLE  EAST  MUMBAI', '', '400057', '1', '11', '2', 'ICIC BANK', '021105005654', '27AWVPS4073L1ZJ', '', '9833589989', '', '', 'birju@brijdesignstudio.com', '', '', '', '', '', 'Select Transport', 'CGST/SGST', 'Purchase', 'Normal', 'www.brijdesignstudio.com', '', '', '', '', '', '', 'VILE PARLE EAST ', '1', '', 'ICIC0000211', '', 'Select Vendor Type', '', '07-05-2021', 'AWVPS4073L'),
(22, 'SOCIA MEDIA FACTORY', 'SOCIAL MEDIA', 'C/8 NANDHAM  INDUSTRIAL ESTATE,MAROL\r\nANDHERI-EAST, MUMBAI', '', '400059', '1', '11', '26', 'ICIC BANK', '108605001105', '', '9699055898', '9930610566', '', '', 'mail@socialmediafactory.in', '', '', '', '', '', 'Select Transport', 'CGST/SGST', 'Purchase', 'Normal', '', 'SHIKHA MANHOT', '', '', '', '', '', 'J B NAGAR BRANCH ANDHERI EAST MUMBAI', '1', '', 'ICIC0001086', '', 'Select Vendor Type', '', '07-05-2021', 'ACJFS7333K'),
(23, 'BOMBINO EXPRESS PVT LTD', 'BOMBINO', 'B 1 & 2 GROUND FLOOR MAROL PIPE LINE ANDHERI KURLA ROAD\r\nMUMBAI -400059', '', '400059', '1', '11', '26', 'AXIS BANK LTD', '328010200002646', '27AAACB6311J4ZT', '022266400000', '', '', '', 'billing@bombinoexp.com', '', '', '', '', '', 'Select Transport', 'CGST/SGST', 'Purchase', 'Normal', '', '', '', 'COURIER', '', '', '', '', '1', '', 'UTIB0000328', '', 'Select Vendor Type', '', '11-05-2021', 'AAACB6311J'),
(24, 'ZAMIK INFOTECH', 'ZAMIK', '404 PRAGATI SHOPPING CENTRE OPP RAILWAY STATION \r\nMALAD EAST MUMBAI-400097', '', '400097', '1', '11', '20', 'HDFC BANK ', '50200014448521', '27BFNPM1871G1Z6', '7045730402', '9769284209 ', '', '', 'zamikinfotech@yahoo.com', '', '', '', '', '', 'Select Transport', 'CGST/SGST', 'Purchase', 'Normal', 'ZAMIKINFOTECH.COM/ZAMIKINFOTECH.IN', '', '', '', '', '', '', 'MALAD EAST', '1', '', 'HDFC0000398', '', 'Select Vendor Type', '', '11-05-2021', 'BFNPM1871G'),
(25, 'IMPES TECHNOLOGY', '', '1ST FLOOR SCO-SS SECTOR -16A\r\nFARIDABAD HARYANA 121002', '', '121002', '8', '19', 'Select Area', '', '', '06BXEPA8976R1ZN', '', '', '', '', '', '', '', '', '', '', 'Select Transport', 'IGST', 'Purchase', 'Normal', '', '', '', 'ADVERTISING BOOST', '', '', '', '', '1', '', '', '', 'Select Vendor Type', '', '11-05-2021', 'BXEPA8976R'),
(26, 'PRAMOD TRADERS', 'PRAMOD TPRAMOD SONAWANE', '3115 SHREE HANUMAN INDUSTRIAL ESTATE \r\nNEAR DADAR EAST MONORAIL STATION\r\nDADAR EAST MUMBAI -4000031 MAHARASHTRA', '', '400031', '1', '11', '38', 'KOTAK MAHINDRA BANK', '451371683', '27EWBPS0791F2ZA', '', '', '', '', '', '', '', '', '', '', 'Select Transport', 'CGST/SGST', 'Purchase', 'Normal', '', '', '', '', '', '', '', '', '2', '', 'KKBK0000648', '', 'Select Vendor Type', '', '11-05-2021', 'EWBPS0791F'),
(27, 'ADANI ELECTRICITY ', 'adani', 'RNA CORPORATE PARK OLD KALAMANDIR  \r\nNEAR COLLECTORS OFFICE\r\nBANDRA-EAST MUMBAI-400051', '', '400051', '1', '11', 'Select Area', '', '', '', '', '', '', '', '', '', '', '', '', '', 'Select Transport', 'CGST/SGST', 'Purchase', 'Normal', 'www adanielectricity.com', '', '', '', '', '', '', '', '1', '', '', '', 'Select Vendor Type', '', '11-05-2021', ''),
(28, 'RATAN JYOT INDUSTRIAL PERMISES COOP SOC LTD', 'RATNA JYOT SOCIETY', '', '', '', '1', '11', '28', '', '', '', '', '', '', '', '', '', '', '', '', '', 'Select Transport', 'CGST/SGST', 'Purchase', 'Normal', '', '', '', '', '', '', '', '', '1', '', '', '', 'Select Vendor Type', '', '11-05-2021', ''),
(29, 'SUDEEPA BHATTACHARYA', '', '', '', '', '4', '39', 'Select Area', 'ICIC BANK', '106401505702', '', '', '', '', '', '', '', '', '', '', '', 'Select Transport', 'IGST', 'Purchase', 'Normal', '', '', '', '', '', '', '', '', '1', 'SUDEEPA BHATTACHARYA', 'ICIC0001064', '', 'Select Vendor Type', '', '11-05-2021', ''),
(30, 'BALAJI COMPUTER SERVICE & OFFICE STATIONERY', 'BALAJI COMPUTER', 'SAMTA SOCEITY OPP KAILAS INDUSTRAIL COMPLEX\r\nHIRANANDANI LINK ROAD\r\nVIKHROLI WEST MUMBAI-400079', '', '400079', '1', '11', '86', 'PUNJAB NATIONAL BANK', '', '27AXOPB2367A1ZR', '9867172628', '9029587151', '', '', '', '', '', '', '', '', 'Select Transport', 'CGST/SGST', 'Sale', 'Normal', '', '', '', 'PRINTING & STATINERY', '', '', '', 'POWAI', '1', 'BALAJI COMPUTER SERVICE & OFFICE STATIONERY', 'PUNB0063210', '', 'Select Vendor Type', '', '20-05-2021', 'AXOPB2367A'),
(31, 'SSEC', 'SSEC', 'VOLE LIGHTING & PLASTIC INDUSTRIES,STREET NO 20, PLOT NO D 4 , MIDC, ANDHERI EAST', '', '400093', '1', '11', '26', '', '', 'CVVVZXC', '', '', '', '', '', '', '', '', '', '', 'Select Transport', 'CGST/SGST', 'Purchase', 'Normal', 'CAD', 'RADHIKA', 'SSEC CAD', 'CAD', '', '', '', '', '1', '', '', '', 'Select Vendor Type', '', '09-06-2021', ''),
(32, 'SSEC', 'CAD SSEC', 'VOLE LIGHTING & PLASTIC INDUSTRIES,STREET NO 20, PLOT NO D 4 , MIDC, ANDHERI EAST', '', '400093', '1', '11', '26', '', '', '', '', '', '', '', '', '', '', '', '', '', 'Select Transport', 'CGST/SGST', 'InHouse', 'Normal', 'CADSSEC', 'NC', 'CAD SSEC', 'CAD', '', '', '', '', '1', '', '', '', 'Select Vendor Type', '', '09-06-2021', ''),
(33, 'J K JEWEL BOX', '', 'PLOT NO 5 ROOM NO 3090 \r\nGAJANNA COLONY\r\nGOWANDI  \r\nMUMBAI-400043', '', '400043', '1', '11', 'Select Area', 'KOKAN BANK', '750061101004267', '27HYGPK7792L1ZF', '', '', '', '', '', '', '', '', '', '', 'Select Transport', 'CGST/SGST', 'Purchase', 'Normal', '', '', '', '', '', '', '', 'GOWANI', '1', 'J K JEWEL BOX', 'KKBK0KMCB06', '', 'Select Vendor Type', '', '15-06-2021', 'HYGPK7792L'),
(34, 'Lakhotia Trading Company ', '', '21-Bhanushali Building, shop  no 2\r\nMaruti Lane (Old Phulgali)  Bhuleshwar\r\nmumbai', '', '400002', '1', '11', '102', 'BANK OF INDIA', '000820110000261', '27AAAL3199F1Z0', '', '', '', '', 'LTCGEMS@GMAIL.COM', '', '', '', '', '', 'Select Transport', 'CGST/SGST', 'Purchase', 'Normal', '', '', '', 'immitation jewellerry', '', '', '', 'BULLION EXCHANGE ', '1', 'LAKHOTIA TRADING COMPANY', 'BKID0000008', '', 'Select Vendor Type', '', '15-06-2021', 'AAAPL3199F'),
(35, 'SIYONA NX', '', '231 SHAIKH MEMON STREET\r\nZAVERI BAZAR\r\nMUMBAI-400 002', '', '400002', '1', '11', 'Select Area', 'AXIS BANK LTD', '912020024807681', '27ACCFS6361E1Z4', '23445655', '', '', '', 'info@siyonaartjewellers.com', '', '', '', '', '', 'Select Transport', 'CGST/SGST', 'Purchase', 'Normal', '', '', '', 'ASSORTED JEWELLERY', '', '', '', 'ZAVERI BAZAR', '1', 'SIYONA NX', 'UTIB0001705', '', 'Select Vendor Type', '', '15-06-2021', 'ACCFS6361E'),
(36, 'RAMDAYAL ', '', '', '', '', '1', '11', 'Select Area', '', '', '', '', '9820482541', '', '', '', '', '', '', '', '', 'Select Transport', 'CGST/SGST', 'Purchase', 'Normal', '', '', '', 'REPAIRING CIVIL WORK', '', '', '', '', '1', '', '', '', 'Select Vendor Type', '', '15-06-2021', ''),
(37, 'Salary expenses', '', '', '', '', '1', '11', 'Select Area', '', '', '', '', '', '', '', '', '', '', '', '', '', 'Select Transport', 'CGST/SGST', 'Purchase', 'Normal', '', '', '', '', '', '', '', '', '1', '', '', '', 'Select Vendor Type', '', '16-06-2021', ''),
(38, 'SHIPROCKET', '', '', '', '', '1', '11', 'Select Area', '', '', '', '', '', '', '', '', '', '', '', '', '', 'Select Transport', 'CGST/SGST', 'Purchase', 'Normal', '', '', '', '', '', '', '', '', '1', '', '', '', 'Select Vendor Type', '', '16-06-2021', ''),
(39, 'kotak bank credit card', '', '', '', '', '1', '11', 'Select Area', '', '', '', '', '', '', '', '', '', '', '', '', '', 'Select Transport', 'CGST/SGST', 'Purchase', 'Normal', '', '', '', '', '', '', '', '', '1', '', '', '', 'Select Vendor Type', '', '16-06-2021', ''),
(40, 'infibeam ', '', '', '', '', '1', '11', 'Select Area', '', '', '', '', '', '', '', '', '', '', '', '', '', 'Select Transport', 'CGST/SGST', 'Purchase', 'Normal', '', '', '', '', '', '', '', '', '1', '', '', '', 'Select Vendor Type', '', '16-06-2021', ''),
(41, 'NIRAJ CHITALI', '', '', '', '', '1', '11', 'Select Area', '', '', '', '', '', '', '', '', '', '', '', '', '', 'Select Transport', 'CGST/SGST', 'Purchase', 'Normal', '', '', '', '', '', '', '', '', '1', '', '', '', 'Select Vendor Type', '', '17-06-2021', ''),
(42, 'staff welfare ', 'staff welfare ', '46, RATNAJYOT INDUSTRIAL ESTATE, OFF S.V. ROAD, IRLA, VILE PARLE WEST, Mumbai Suburban, Maharashtra, 400056', '', '', '1', '11', '28', '', '', '', '', '', '', '', '', '', '', '', '', '', 'Select Transport', 'CGST/SGST', 'Purchase', 'Normal', '', 'dilip', '', 'staff welfare expenses', '', '', '', '46, RATNAJYOT INDUSTRIAL ESTATE, OFF S.V. ROAD, IRLA, VILE PARLE WEST, Mumbai Suburban, Maharashtra, 400056', '1', '', '', '', 'Select Vendor Type', '', '18-06-2021', ''),
(43, 'JEWELS BY RADHIKA', '', '46 , RATNAJYOT INDUSTRIAL ESTATE, IRLA LANE, VILE', '', '', '1', '11', 'Select Area', '', '', '', '', '', '', '', '', '', '', '', '', '', 'Select Transport', 'CGST/SGST', 'Purchase', 'Normal', '', '', '', '', '', '', '', '', '1', '', '', '', 'Select Vendor Type', '', '15-09-2021', ''),
(44, 'JEWELS BY RADHIKA', '', '46 , RATNAJYOT INDUSTRIAL ESTATE, IRLA LANE, VILE', '', '', '1', '11', 'Select Area', '', '', '', '', '', '', '', '', '', '', '', '', '', 'Select Transport', 'CGST/SGST', 'InHouse', 'Normal', '', '', '', '', '', '', '', '', '1', '', '', '', 'Select Vendor Type', '', '15-09-2021', '');

--
-- Indexes for dumped tables
--

--
-- Indexes for table `admin`
--
ALTER TABLE `admin`
  ADD PRIMARY KEY (`user_id`);

--
-- Indexes for table `alteration`
--
ALTER TABLE `alteration`
  ADD PRIMARY KEY (`id`);

--
-- Indexes for table `area`
--
ALTER TABLE `area`
  ADD PRIMARY KEY (`id`);

--
-- Indexes for table `balance_details`
--
ALTER TABLE `balance_details`
  ADD PRIMARY KEY (`id`);

--
-- Indexes for table `bank_master`
--
ALTER TABLE `bank_master`
  ADD PRIMARY KEY (`id`);

--
-- Indexes for table `bank_transaction`
--
ALTER TABLE `bank_transaction`
  ADD PRIMARY KEY (`id`);

--
-- Indexes for table `brand`
--
ALTER TABLE `brand`
  ADD PRIMARY KEY (`id`),
  ADD KEY `id` (`id`);

--
-- Indexes for table `breport`
--
ALTER TABLE `breport`
  ADD PRIMARY KEY (`id`);

--
-- Indexes for table `breport_details`
--
ALTER TABLE `breport_details`
  ADD PRIMARY KEY (`id`);

--
-- Indexes for table `broker`
--
ALTER TABLE `broker`
  ADD PRIMARY KEY (`id`),
  ADD KEY `city_id` (`city_id`,`state_id`);

--
-- Indexes for table `cash_ledger`
--
ALTER TABLE `cash_ledger`
  ADD PRIMARY KEY (`id`);

--
-- Indexes for table `category`
--
ALTER TABLE `category`
  ADD PRIMARY KEY (`id`),
  ADD KEY `id` (`id`);

--
-- Indexes for table `cbalance_details`
--
ALTER TABLE `cbalance_details`
  ADD PRIMARY KEY (`id`);

--
-- Indexes for table `cinvoice_no`
--
ALTER TABLE `cinvoice_no`
  ADD PRIMARY KEY (`id`);

--
-- Indexes for table `city`
--
ALTER TABLE `city`
  ADD PRIMARY KEY (`city_id`),
  ADD KEY `state_id` (`state_id`);

--
-- Indexes for table `color`
--
ALTER TABLE `color`
  ADD PRIMARY KEY (`id`),
  ADD KEY `id` (`id`);

--
-- Indexes for table `company_details`
--
ALTER TABLE `company_details`
  ADD PRIMARY KEY (`id`),
  ADD KEY `city_id` (`city_id`,`state_id`);

--
-- Indexes for table `contacts`
--
ALTER TABLE `contacts`
  ADD PRIMARY KEY (`id`);

--
-- Indexes for table `coupon`
--
ALTER TABLE `coupon`
  ADD PRIMARY KEY (`id`);

--
-- Indexes for table `cpgr_no`
--
ALTER TABLE `cpgr_no`
  ADD PRIMARY KEY (`id`);

--
-- Indexes for table `cppay_details`
--
ALTER TABLE `cppay_details`
  ADD PRIMARY KEY (`id`);

--
-- Indexes for table `cpurchase`
--
ALTER TABLE `cpurchase`
  ADD PRIMARY KEY (`id`),
  ADD KEY `id` (`id`),
  ADD KEY `invoice_no` (`invoice_no`),
  ADD KEY `invoice_date` (`invoice_date`),
  ADD KEY `vendorid` (`vendorid`);

--
-- Indexes for table `cpurchase_details`
--
ALTER TABLE `cpurchase_details`
  ADD PRIMARY KEY (`id`),
  ADD KEY `id` (`id`),
  ADD KEY `purchase_id` (`purchase_id`),
  ADD KEY `pbrand` (`pbrand`),
  ADD KEY `pbrand_2` (`pbrand`),
  ADD KEY `scategory` (`scategory`),
  ADD KEY `pdesc` (`pdesc`),
  ADD KEY `pcolor` (`pcolor`),
  ADD KEY `hsn_id` (`hsn_id`);

--
-- Indexes for table `cpurchase_onaccbal`
--
ALTER TABLE `cpurchase_onaccbal`
  ADD PRIMARY KEY (`id`);

--
-- Indexes for table `cpurchase_pay`
--
ALTER TABLE `cpurchase_pay`
  ADD PRIMARY KEY (`id`);

--
-- Indexes for table `csale`
--
ALTER TABLE `csale`
  ADD PRIMARY KEY (`id`);

--
-- Indexes for table `csale_details`
--
ALTER TABLE `csale_details`
  ADD PRIMARY KEY (`id`);

--
-- Indexes for table `csgr`
--
ALTER TABLE `csgr`
  ADD PRIMARY KEY (`id`);

--
-- Indexes for table `csgr_details`
--
ALTER TABLE `csgr_details`
  ADD PRIMARY KEY (`id`);

--
-- Indexes for table `csgr_no`
--
ALTER TABLE `csgr_no`
  ADD PRIMARY KEY (`id`);

--
-- Indexes for table `customers`
--
ALTER TABLE `customers`
  ADD PRIMARY KEY (`id`);

--
-- Indexes for table `dcash`
--
ALTER TABLE `dcash`
  ADD PRIMARY KEY (`id`);

--
-- Indexes for table `defect`
--
ALTER TABLE `defect`
  ADD PRIMARY KEY (`id`);

--
-- Indexes for table `defect_details`
--
ALTER TABLE `defect_details`
  ADD PRIMARY KEY (`id`);

--
-- Indexes for table `digital_payment`
--
ALTER TABLE `digital_payment`
  ADD PRIMARY KEY (`id`);

--
-- Indexes for table `dispatched_through`
--
ALTER TABLE `dispatched_through`
  ADD PRIMARY KEY (`id`);

--
-- Indexes for table `ebill`
--
ALTER TABLE `ebill`
  ADD PRIMARY KEY (`id`);

--
-- Indexes for table `ebill_details`
--
ALTER TABLE `ebill_details`
  ADD PRIMARY KEY (`id`);

--
-- Indexes for table `ebill_gr`
--
ALTER TABLE `ebill_gr`
  ADD PRIMARY KEY (`id`);

--
-- Indexes for table `ebill_gr_details`
--
ALTER TABLE `ebill_gr_details`
  ADD PRIMARY KEY (`id`);

--
-- Indexes for table `ebill_onaccbal`
--
ALTER TABLE `ebill_onaccbal`
  ADD PRIMARY KEY (`id`);

--
-- Indexes for table `ebill_pay`
--
ALTER TABLE `ebill_pay`
  ADD PRIMARY KEY (`id`);

--
-- Indexes for table `ecbill`
--
ALTER TABLE `ecbill`
  ADD PRIMARY KEY (`id`);

--
-- Indexes for table `ecbill_details`
--
ALTER TABLE `ecbill_details`
  ADD PRIMARY KEY (`id`);

--
-- Indexes for table `epay_details`
--
ALTER TABLE `epay_details`
  ADD PRIMARY KEY (`id`);

--
-- Indexes for table `fsale`
--
ALTER TABLE `fsale`
  ADD PRIMARY KEY (`id`);

--
-- Indexes for table `fsale_details`
--
ALTER TABLE `fsale_details`
  ADD PRIMARY KEY (`id`);

--
-- Indexes for table `groups`
--
ALTER TABLE `groups`
  ADD PRIMARY KEY (`id`);

--
-- Indexes for table `hsn_code`
--
ALTER TABLE `hsn_code`
  ADD PRIMARY KEY (`hsn_id`);

--
-- Indexes for table `invoice_no`
--
ALTER TABLE `invoice_no`
  ADD PRIMARY KEY (`id`);

--
-- Indexes for table `ipgr_no`
--
ALTER TABLE `ipgr_no`
  ADD PRIMARY KEY (`id`);

--
-- Indexes for table `ipurchase_gr`
--
ALTER TABLE `ipurchase_gr`
  ADD PRIMARY KEY (`id`);

--
-- Indexes for table `ipurchase_gr_details`
--
ALTER TABLE `ipurchase_gr_details`
  ADD PRIMARY KEY (`id`);

--
-- Indexes for table `isgr_no`
--
ALTER TABLE `isgr_no`
  ADD PRIMARY KEY (`id`);

--
-- Indexes for table `mail_record`
--
ALTER TABLE `mail_record`
  ADD PRIMARY KEY (`id`);

--
-- Indexes for table `main_category`
--
ALTER TABLE `main_category`
  ADD PRIMARY KEY (`id`);

--
-- Indexes for table `manufacturing_sales_order`
--
ALTER TABLE `manufacturing_sales_order`
  ADD PRIMARY KEY (`id`);

--
-- Indexes for table `manufacturing_sales_order_details`
--
ALTER TABLE `manufacturing_sales_order_details`
  ADD PRIMARY KEY (`id`);

--
-- Indexes for table `mode_of_payment`
--
ALTER TABLE `mode_of_payment`
  ADD PRIMARY KEY (`id`);

--
-- Indexes for table `oinvoice_no`
--
ALTER TABLE `oinvoice_no`
  ADD PRIMARY KEY (`id`);

--
-- Indexes for table `opening_bal`
--
ALTER TABLE `opening_bal`
  ADD PRIMARY KEY (`id`);

--
-- Indexes for table `oportal`
--
ALTER TABLE `oportal`
  ADD PRIMARY KEY (`id`);

--
-- Indexes for table `osale`
--
ALTER TABLE `osale`
  ADD PRIMARY KEY (`id`);

--
-- Indexes for table `osale_details`
--
ALTER TABLE `osale_details`
  ADD PRIMARY KEY (`id`);

--
-- Indexes for table `pcash_ledger`
--
ALTER TABLE `pcash_ledger`
  ADD PRIMARY KEY (`id`);

--
-- Indexes for table `pdesc`
--
ALTER TABLE `pdesc`
  ADD PRIMARY KEY (`id`),
  ADD KEY `id` (`id`);

--
-- Indexes for table `physical_stock`
--
ALTER TABLE `physical_stock`
  ADD PRIMARY KEY (`id`);

--
-- Indexes for table `physical_stock_details`
--
ALTER TABLE `physical_stock_details`
  ADD PRIMARY KEY (`id`);

--
-- Indexes for table `pname`
--
ALTER TABLE `pname`
  ADD PRIMARY KEY (`id`),
  ADD KEY `id` (`id`);

--
-- Indexes for table `ppay_details`
--
ALTER TABLE `ppay_details`
  ADD PRIMARY KEY (`id`);

--
-- Indexes for table `psize`
--
ALTER TABLE `psize`
  ADD PRIMARY KEY (`id`),
  ADD KEY `id` (`id`);

--
-- Indexes for table `purchase`
--
ALTER TABLE `purchase`
  ADD PRIMARY KEY (`id`),
  ADD KEY `id` (`id`),
  ADD KEY `invoice_no` (`invoice_no`),
  ADD KEY `invoice_date` (`invoice_date`),
  ADD KEY `vendorid` (`vendorid`);

--
-- Indexes for table `purchase_details`
--
ALTER TABLE `purchase_details`
  ADD PRIMARY KEY (`id`),
  ADD KEY `id` (`id`),
  ADD KEY `purchase_id` (`purchase_id`),
  ADD KEY `pbrand` (`pbrand`),
  ADD KEY `scategory` (`scategory`),
  ADD KEY `pdesc` (`pdesc`),
  ADD KEY `pcolor` (`pcolor`),
  ADD KEY `hsn_id` (`hsn_id`);

--
-- Indexes for table `purchase_gr`
--
ALTER TABLE `purchase_gr`
  ADD PRIMARY KEY (`id`);

--
-- Indexes for table `purchase_gr_details`
--
ALTER TABLE `purchase_gr_details`
  ADD PRIMARY KEY (`id`);

--
-- Indexes for table `purchase_onaccbal`
--
ALTER TABLE `purchase_onaccbal`
  ADD PRIMARY KEY (`id`);

--
-- Indexes for table `purchase_pay`
--
ALTER TABLE `purchase_pay`
  ADD PRIMARY KEY (`id`);

--
-- Indexes for table `purchase_vat`
--
ALTER TABLE `purchase_vat`
  ADD PRIMARY KEY (`id`);

--
-- Indexes for table `region`
--
ALTER TABLE `region`
  ADD PRIMARY KEY (`id`);

--
-- Indexes for table `reminder`
--
ALTER TABLE `reminder`
  ADD PRIMARY KEY (`id`);

--
-- Indexes for table `sale`
--
ALTER TABLE `sale`
  ADD PRIMARY KEY (`id`);

--
-- Indexes for table `sales_man`
--
ALTER TABLE `sales_man`
  ADD PRIMARY KEY (`id`);

--
-- Indexes for table `sales_vat`
--
ALTER TABLE `sales_vat`
  ADD PRIMARY KEY (`id`);

--
-- Indexes for table `sale_details`
--
ALTER TABLE `sale_details`
  ADD PRIMARY KEY (`id`);

--
-- Indexes for table `sale_einvoice_cancellation_details`
--
ALTER TABLE `sale_einvoice_cancellation_details`
  ADD PRIMARY KEY (`id`);

--
-- Indexes for table `sale_einvoice_generation_details`
--
ALTER TABLE `sale_einvoice_generation_details`
  ADD PRIMARY KEY (`id`);

--
-- Indexes for table `sgr`
--
ALTER TABLE `sgr`
  ADD PRIMARY KEY (`id`);

--
-- Indexes for table `sgr_details`
--
ALTER TABLE `sgr_details`
  ADD PRIMARY KEY (`id`);

--
-- Indexes for table `sms_log`
--
ALTER TABLE `sms_log`
  ADD PRIMARY KEY (`id`);

--
-- Indexes for table `state`
--
ALTER TABLE `state`
  ADD PRIMARY KEY (`state_id`);

--
-- Indexes for table `stock_details`
--
ALTER TABLE `stock_details`
  ADD PRIMARY KEY (`id`),
  ADD KEY `pbrand` (`pbrand`),
  ADD KEY `category` (`category`),
  ADD KEY `scategory` (`scategory`),
  ADD KEY `pdesc` (`pdesc`),
  ADD KEY `psize` (`psize`),
  ADD KEY `pcolor` (`pcolor`),
  ADD KEY `hsn_id` (`hsn_id`);

--
-- Indexes for table `sub_category`
--
ALTER TABLE `sub_category`
  ADD PRIMARY KEY (`subcat_id`),
  ADD KEY `subcat_id` (`subcat_id`),
  ADD KEY `fkcat_id` (`fkcat_id`);

--
-- Indexes for table `term_of_payment`
--
ALTER TABLE `term_of_payment`
  ADD PRIMARY KEY (`id`);

--
-- Indexes for table `unit`
--
ALTER TABLE `unit`
  ADD PRIMARY KEY (`id`);

--
-- Indexes for table `vat`
--
ALTER TABLE `vat`
  ADD PRIMARY KEY (`id`);

--
-- Indexes for table `vendordetails`
--
ALTER TABLE `vendordetails`
  ADD PRIMARY KEY (`id`),
  ADD KEY `city_id` (`city_id`,`state_id`);

--
-- AUTO_INCREMENT for dumped tables
--

--
-- AUTO_INCREMENT for table `admin`
--
ALTER TABLE `admin`
  MODIFY `user_id` int NOT NULL AUTO_INCREMENT, AUTO_INCREMENT=30;

--
-- AUTO_INCREMENT for table `alteration`
--
ALTER TABLE `alteration`
  MODIFY `id` int NOT NULL AUTO_INCREMENT;

--
-- AUTO_INCREMENT for table `area`
--
ALTER TABLE `area`
  MODIFY `id` int NOT NULL AUTO_INCREMENT, AUTO_INCREMENT=104;

--
-- AUTO_INCREMENT for table `balance_details`
--
ALTER TABLE `balance_details`
  MODIFY `id` int NOT NULL AUTO_INCREMENT, AUTO_INCREMENT=14310;

--
-- AUTO_INCREMENT for table `bank_master`
--
ALTER TABLE `bank_master`
  MODIFY `id` int NOT NULL AUTO_INCREMENT;

--
-- AUTO_INCREMENT for table `bank_transaction`
--
ALTER TABLE `bank_transaction`
  MODIFY `id` int NOT NULL AUTO_INCREMENT;

--
-- AUTO_INCREMENT for table `brand`
--
ALTER TABLE `brand`
  MODIFY `id` int NOT NULL AUTO_INCREMENT, AUTO_INCREMENT=2;

--
-- AUTO_INCREMENT for table `breport`
--
ALTER TABLE `breport`
  MODIFY `id` int NOT NULL AUTO_INCREMENT;

--
-- AUTO_INCREMENT for table `breport_details`
--
ALTER TABLE `breport_details`
  MODIFY `id` int NOT NULL AUTO_INCREMENT;

--
-- AUTO_INCREMENT for table `broker`
--
ALTER TABLE `broker`
  MODIFY `id` int NOT NULL AUTO_INCREMENT;

--
-- AUTO_INCREMENT for table `cash_ledger`
--
ALTER TABLE `cash_ledger`
  MODIFY `id` int NOT NULL AUTO_INCREMENT;

--
-- AUTO_INCREMENT for table `category`
--
ALTER TABLE `category`
  MODIFY `id` int NOT NULL AUTO_INCREMENT, AUTO_INCREMENT=29;

--
-- AUTO_INCREMENT for table `cbalance_details`
--
ALTER TABLE `cbalance_details`
  MODIFY `id` int NOT NULL AUTO_INCREMENT, AUTO_INCREMENT=1757;

--
-- AUTO_INCREMENT for table `cinvoice_no`
--
ALTER TABLE `cinvoice_no`
  MODIFY `id` int NOT NULL AUTO_INCREMENT;

--
-- AUTO_INCREMENT for table `city`
--
ALTER TABLE `city`
  MODIFY `city_id` int NOT NULL AUTO_INCREMENT, AUTO_INCREMENT=9;

--
-- AUTO_INCREMENT for table `color`
--
ALTER TABLE `color`
  MODIFY `id` int NOT NULL AUTO_INCREMENT, AUTO_INCREMENT=2;

--
-- AUTO_INCREMENT for table `company_details`
--
ALTER TABLE `company_details`
  MODIFY `id` int NOT NULL AUTO_INCREMENT, AUTO_INCREMENT=2;

--
-- AUTO_INCREMENT for table `contacts`
--
ALTER TABLE `contacts`
  MODIFY `id` int NOT NULL AUTO_INCREMENT;

--
-- AUTO_INCREMENT for table `coupon`
--
ALTER TABLE `coupon`
  MODIFY `id` int NOT NULL AUTO_INCREMENT;

--
-- AUTO_INCREMENT for table `cpgr_no`
--
ALTER TABLE `cpgr_no`
  MODIFY `id` int NOT NULL AUTO_INCREMENT;

--
-- AUTO_INCREMENT for table `cppay_details`
--
ALTER TABLE `cppay_details`
  MODIFY `id` int NOT NULL AUTO_INCREMENT;

--
-- AUTO_INCREMENT for table `cpurchase`
--
ALTER TABLE `cpurchase`
  MODIFY `id` int NOT NULL AUTO_INCREMENT;

--
-- AUTO_INCREMENT for table `cpurchase_details`
--
ALTER TABLE `cpurchase_details`
  MODIFY `id` int NOT NULL AUTO_INCREMENT;

--
-- AUTO_INCREMENT for table `cpurchase_onaccbal`
--
ALTER TABLE `cpurchase_onaccbal`
  MODIFY `id` int NOT NULL AUTO_INCREMENT;

--
-- AUTO_INCREMENT for table `cpurchase_pay`
--
ALTER TABLE `cpurchase_pay`
  MODIFY `id` int NOT NULL AUTO_INCREMENT;

--
-- AUTO_INCREMENT for table `csale`
--
ALTER TABLE `csale`
  MODIFY `id` int NOT NULL AUTO_INCREMENT, AUTO_INCREMENT=16239;

--
-- AUTO_INCREMENT for table `csale_details`
--
ALTER TABLE `csale_details`
  MODIFY `id` int NOT NULL AUTO_INCREMENT, AUTO_INCREMENT=28333;

--
-- AUTO_INCREMENT for table `csgr`
--
ALTER TABLE `csgr`
  MODIFY `id` int NOT NULL AUTO_INCREMENT;

--
-- AUTO_INCREMENT for table `csgr_details`
--
ALTER TABLE `csgr_details`
  MODIFY `id` int NOT NULL AUTO_INCREMENT;

--
-- AUTO_INCREMENT for table `csgr_no`
--
ALTER TABLE `csgr_no`
  MODIFY `id` int NOT NULL AUTO_INCREMENT;

--
-- AUTO_INCREMENT for table `customers`
--
ALTER TABLE `customers`
  MODIFY `id` int NOT NULL AUTO_INCREMENT, AUTO_INCREMENT=89;

--
-- AUTO_INCREMENT for table `dcash`
--
ALTER TABLE `dcash`
  MODIFY `id` int NOT NULL AUTO_INCREMENT;

--
-- AUTO_INCREMENT for table `defect`
--
ALTER TABLE `defect`
  MODIFY `id` int NOT NULL AUTO_INCREMENT;

--
-- AUTO_INCREMENT for table `defect_details`
--
ALTER TABLE `defect_details`
  MODIFY `id` int NOT NULL AUTO_INCREMENT;

--
-- AUTO_INCREMENT for table `digital_payment`
--
ALTER TABLE `digital_payment`
  MODIFY `id` int NOT NULL AUTO_INCREMENT, AUTO_INCREMENT=10;

--
-- AUTO_INCREMENT for table `dispatched_through`
--
ALTER TABLE `dispatched_through`
  MODIFY `id` int NOT NULL AUTO_INCREMENT, AUTO_INCREMENT=12;

--
-- AUTO_INCREMENT for table `ebill`
--
ALTER TABLE `ebill`
  MODIFY `id` int NOT NULL AUTO_INCREMENT;

--
-- AUTO_INCREMENT for table `ebill_details`
--
ALTER TABLE `ebill_details`
  MODIFY `id` int NOT NULL AUTO_INCREMENT;

--
-- AUTO_INCREMENT for table `ebill_gr`
--
ALTER TABLE `ebill_gr`
  MODIFY `id` int NOT NULL AUTO_INCREMENT;

--
-- AUTO_INCREMENT for table `ebill_gr_details`
--
ALTER TABLE `ebill_gr_details`
  MODIFY `id` int NOT NULL AUTO_INCREMENT;

--
-- AUTO_INCREMENT for table `ebill_onaccbal`
--
ALTER TABLE `ebill_onaccbal`
  MODIFY `id` int NOT NULL AUTO_INCREMENT;

--
-- AUTO_INCREMENT for table `ebill_pay`
--
ALTER TABLE `ebill_pay`
  MODIFY `id` int NOT NULL AUTO_INCREMENT;

--
-- AUTO_INCREMENT for table `ecbill`
--
ALTER TABLE `ecbill`
  MODIFY `id` int NOT NULL AUTO_INCREMENT;

--
-- AUTO_INCREMENT for table `ecbill_details`
--
ALTER TABLE `ecbill_details`
  MODIFY `id` int NOT NULL AUTO_INCREMENT;

--
-- AUTO_INCREMENT for table `epay_details`
--
ALTER TABLE `epay_details`
  MODIFY `id` int NOT NULL AUTO_INCREMENT;

--
-- AUTO_INCREMENT for table `fsale`
--
ALTER TABLE `fsale`
  MODIFY `id` int NOT NULL AUTO_INCREMENT;

--
-- AUTO_INCREMENT for table `fsale_details`
--
ALTER TABLE `fsale_details`
  MODIFY `id` int NOT NULL AUTO_INCREMENT;

--
-- AUTO_INCREMENT for table `groups`
--
ALTER TABLE `groups`
  MODIFY `id` int NOT NULL AUTO_INCREMENT;

--
-- AUTO_INCREMENT for table `hsn_code`
--
ALTER TABLE `hsn_code`
  MODIFY `hsn_id` int NOT NULL AUTO_INCREMENT, AUTO_INCREMENT=4;

--
-- AUTO_INCREMENT for table `invoice_no`
--
ALTER TABLE `invoice_no`
  MODIFY `id` int NOT NULL AUTO_INCREMENT;

--
-- AUTO_INCREMENT for table `ipgr_no`
--
ALTER TABLE `ipgr_no`
  MODIFY `id` int NOT NULL AUTO_INCREMENT;

--
-- AUTO_INCREMENT for table `ipurchase_gr`
--
ALTER TABLE `ipurchase_gr`
  MODIFY `id` int NOT NULL AUTO_INCREMENT;

--
-- AUTO_INCREMENT for table `ipurchase_gr_details`
--
ALTER TABLE `ipurchase_gr_details`
  MODIFY `id` int NOT NULL AUTO_INCREMENT;

--
-- AUTO_INCREMENT for table `isgr_no`
--
ALTER TABLE `isgr_no`
  MODIFY `id` int NOT NULL AUTO_INCREMENT;

--
-- AUTO_INCREMENT for table `mail_record`
--
ALTER TABLE `mail_record`
  MODIFY `id` int NOT NULL AUTO_INCREMENT;

--
-- AUTO_INCREMENT for table `main_category`
--
ALTER TABLE `main_category`
  MODIFY `id` int NOT NULL AUTO_INCREMENT;

--
-- AUTO_INCREMENT for table `manufacturing_sales_order`
--
ALTER TABLE `manufacturing_sales_order`
  MODIFY `id` int NOT NULL AUTO_INCREMENT, AUTO_INCREMENT=4640;

--
-- AUTO_INCREMENT for table `manufacturing_sales_order_details`
--
ALTER TABLE `manufacturing_sales_order_details`
  MODIFY `id` int NOT NULL AUTO_INCREMENT, AUTO_INCREMENT=7883;

--
-- AUTO_INCREMENT for table `mode_of_payment`
--
ALTER TABLE `mode_of_payment`
  MODIFY `id` int NOT NULL AUTO_INCREMENT, AUTO_INCREMENT=28;

--
-- AUTO_INCREMENT for table `oinvoice_no`
--
ALTER TABLE `oinvoice_no`
  MODIFY `id` int NOT NULL AUTO_INCREMENT;

--
-- AUTO_INCREMENT for table `opening_bal`
--
ALTER TABLE `opening_bal`
  MODIFY `id` int NOT NULL AUTO_INCREMENT;

--
-- AUTO_INCREMENT for table `oportal`
--
ALTER TABLE `oportal`
  MODIFY `id` int NOT NULL AUTO_INCREMENT, AUTO_INCREMENT=232;

--
-- AUTO_INCREMENT for table `osale`
--
ALTER TABLE `osale`
  MODIFY `id` int NOT NULL AUTO_INCREMENT;

--
-- AUTO_INCREMENT for table `osale_details`
--
ALTER TABLE `osale_details`
  MODIFY `id` int NOT NULL AUTO_INCREMENT;

--
-- AUTO_INCREMENT for table `pcash_ledger`
--
ALTER TABLE `pcash_ledger`
  MODIFY `id` int NOT NULL AUTO_INCREMENT;

--
-- AUTO_INCREMENT for table `pdesc`
--
ALTER TABLE `pdesc`
  MODIFY `id` int NOT NULL AUTO_INCREMENT, AUTO_INCREMENT=3965;

--
-- AUTO_INCREMENT for table `physical_stock`
--
ALTER TABLE `physical_stock`
  MODIFY `id` int NOT NULL AUTO_INCREMENT, AUTO_INCREMENT=58;

--
-- AUTO_INCREMENT for table `physical_stock_details`
--
ALTER TABLE `physical_stock_details`
  MODIFY `id` int NOT NULL AUTO_INCREMENT, AUTO_INCREMENT=6337;

--
-- AUTO_INCREMENT for table `pname`
--
ALTER TABLE `pname`
  MODIFY `id` int NOT NULL AUTO_INCREMENT;

--
-- AUTO_INCREMENT for table `ppay_details`
--
ALTER TABLE `ppay_details`
  MODIFY `id` int NOT NULL AUTO_INCREMENT;

--
-- AUTO_INCREMENT for table `psize`
--
ALTER TABLE `psize`
  MODIFY `id` int NOT NULL AUTO_INCREMENT, AUTO_INCREMENT=2;

--
-- AUTO_INCREMENT for table `purchase`
--
ALTER TABLE `purchase`
  MODIFY `id` int NOT NULL AUTO_INCREMENT, AUTO_INCREMENT=68;

--
-- AUTO_INCREMENT for table `purchase_details`
--
ALTER TABLE `purchase_details`
  MODIFY `id` int NOT NULL AUTO_INCREMENT, AUTO_INCREMENT=2363;

--
-- AUTO_INCREMENT for table `purchase_gr`
--
ALTER TABLE `purchase_gr`
  MODIFY `id` int NOT NULL AUTO_INCREMENT;

--
-- AUTO_INCREMENT for table `purchase_gr_details`
--
ALTER TABLE `purchase_gr_details`
  MODIFY `id` int NOT NULL AUTO_INCREMENT;

--
-- AUTO_INCREMENT for table `purchase_onaccbal`
--
ALTER TABLE `purchase_onaccbal`
  MODIFY `id` int NOT NULL AUTO_INCREMENT;

--
-- AUTO_INCREMENT for table `purchase_pay`
--
ALTER TABLE `purchase_pay`
  MODIFY `id` int NOT NULL AUTO_INCREMENT;

--
-- AUTO_INCREMENT for table `purchase_vat`
--
ALTER TABLE `purchase_vat`
  MODIFY `id` int NOT NULL AUTO_INCREMENT;

--
-- AUTO_INCREMENT for table `region`
--
ALTER TABLE `region`
  MODIFY `id` int NOT NULL AUTO_INCREMENT, AUTO_INCREMENT=3;

--
-- AUTO_INCREMENT for table `reminder`
--
ALTER TABLE `reminder`
  MODIFY `id` int NOT NULL AUTO_INCREMENT;

--
-- AUTO_INCREMENT for table `sale`
--
ALTER TABLE `sale`
  MODIFY `id` int NOT NULL AUTO_INCREMENT, AUTO_INCREMENT=14312;

--
-- AUTO_INCREMENT for table `sales_man`
--
ALTER TABLE `sales_man`
  MODIFY `id` int NOT NULL AUTO_INCREMENT, AUTO_INCREMENT=7;

--
-- AUTO_INCREMENT for table `sales_vat`
--
ALTER TABLE `sales_vat`
  MODIFY `id` int NOT NULL AUTO_INCREMENT;

--
-- AUTO_INCREMENT for table `sale_details`
--
ALTER TABLE `sale_details`
  MODIFY `id` int NOT NULL AUTO_INCREMENT, AUTO_INCREMENT=22529;

--
-- AUTO_INCREMENT for table `sale_einvoice_cancellation_details`
--
ALTER TABLE `sale_einvoice_cancellation_details`
  MODIFY `id` int NOT NULL AUTO_INCREMENT;

--
-- AUTO_INCREMENT for table `sale_einvoice_generation_details`
--
ALTER TABLE `sale_einvoice_generation_details`
  MODIFY `id` int NOT NULL AUTO_INCREMENT, AUTO_INCREMENT=972;

--
-- AUTO_INCREMENT for table `sgr`
--
ALTER TABLE `sgr`
  MODIFY `id` int NOT NULL AUTO_INCREMENT, AUTO_INCREMENT=928;

--
-- AUTO_INCREMENT for table `sgr_details`
--
ALTER TABLE `sgr_details`
  MODIFY `id` int NOT NULL AUTO_INCREMENT, AUTO_INCREMENT=1261;

--
-- AUTO_INCREMENT for table `sms_log`
--
ALTER TABLE `sms_log`
  MODIFY `id` int NOT NULL AUTO_INCREMENT;

--
-- AUTO_INCREMENT for table `state`
--
ALTER TABLE `state`
  MODIFY `state_id` int NOT NULL AUTO_INCREMENT, AUTO_INCREMENT=46;

--
-- AUTO_INCREMENT for table `stock_details`
--
ALTER TABLE `stock_details`
  MODIFY `id` int NOT NULL AUTO_INCREMENT, AUTO_INCREMENT=3965;

--
-- AUTO_INCREMENT for table `sub_category`
--
ALTER TABLE `sub_category`
  MODIFY `subcat_id` int NOT NULL AUTO_INCREMENT;

--
-- AUTO_INCREMENT for table `term_of_payment`
--
ALTER TABLE `term_of_payment`
  MODIFY `id` int NOT NULL AUTO_INCREMENT, AUTO_INCREMENT=8;

--
-- AUTO_INCREMENT for table `unit`
--
ALTER TABLE `unit`
  MODIFY `id` int NOT NULL AUTO_INCREMENT, AUTO_INCREMENT=7;

--
-- AUTO_INCREMENT for table `vat`
--
ALTER TABLE `vat`
  MODIFY `id` int NOT NULL AUTO_INCREMENT, AUTO_INCREMENT=9;

--
-- AUTO_INCREMENT for table `vendordetails`
--
ALTER TABLE `vendordetails`
  MODIFY `id` int NOT NULL AUTO_INCREMENT, AUTO_INCREMENT=45;
COMMIT;

